{"id":6,"date":"2019-07-02T08:55:56","date_gmt":"2019-07-02T06:55:56","guid":{"rendered":"http:\/\/www.pornomeile.net\/transensex\/?page_id=6"},"modified":"2025-02-28T17:37:19","modified_gmt":"2025-02-28T16:37:19","slug":"private-transen-sex-seiten-gratis-lerne-eine-transe-kennen","status":"publish","type":"page","link":"https:\/\/www.pornomeile.net\/transensex\/","title":{"rendered":"Transen Bilder, Videos, Sexdates und Livesex mit Transgirls"},"content":{"rendered":"<p><a href=\"https:\/\/www.transen-sexchat.com\/\" target=\"_blank\" rel=\"noopener noreferrer\">transen-sexchat.com<\/a><br \/>\nStille deine sexuelle Neugier zum Dritten Geschlecht &#8211; in Deutschlands Transen Sexchat Community mit kostenloser Mitgliedschaft! Hier kannst du ungest\u00f6rt Transsexuelle kennenlernen und mit ihnen chatten. Ihr werdet zusammen zu Orgasmen kommen, Videos und Fotos austauschen und euch vielleicht sogar zu einem geilen Treffen verabreden. Hier warten richtig hei\u00dfe Schwanzgirls auf dich und deinen harten Schwanz. Nur keine falsche Schau &#8211; diese Trannies sind im Sex Chat f\u00fcr dich da!<\/p>\n<p><a href=\"https:\/\/www.transen.sexy\/\" target=\"_blank\" rel=\"noopener noreferrer\">transen.sexy<\/a><br \/>\nDie ultimative Transen Sex Community l\u00e4dt dich kostenlos ein, deine ausgefallenen Triebe auszuleben. Auf diesem Portal findest du alles zum Thema Transensex, was du dir schon immer gew\u00fcnscht hast. Du kannst dich dort real mit Transsexuellen zum Sex verabreden, mit ihnen live chatten oder die ihre erotischen Bilder und Videos anschauen. Die geilsten Transenpornos erwarten dich dort. Und das Krasse ist &#8211; du kannst die Darstellerinnen in den Amateur Transen Sexfilmen sogar direkt anschreiben und dich vielleicht heute noch zu einem Sextreffen mit ihnen verabreden. Probiere es kostenfrei aus.<\/p>\n<div class=\"mobileadtooo\"><a href=\"https:\/\/www.pornomeile.net\/aktuell\/trans\/\" target=\"_blank\" rel=\"nofollow noopener noreferrer\"><img loading=\"lazy\" decoding=\"async\" src=\"https:\/\/www.pornomeile.net\/banner\/socialtrans.gif\" width=\"300\" height=\"300\" alt=\"Transen Sex Community\" \/><\/a><\/div>\n<p><a href=\"https:\/\/www.transen-sexcams.net\/\" target=\"_blank\" rel=\"noopener noreferrer\">transen-sexcams.net<\/a><br \/>\nHier geht es mit Transsexuellen Camgirls richtig geil zur Sache. Schon einmal Live Sex mit einer echten Transe erlebt? Falls nicht, wird es aber h\u00f6chste Zeit! Hier findest du kostenlosen Zugang zum gro\u00dfen TS Livecam Portal. Es wartet ein exklusiver Gutschein auf dich, der dir 10 \u20ac Gratis Guthaben f\u00fcr die Transenlivecams verschafft. Chatte mit Transvestiten und Schwanzfrauen rund um die Uhr im privaten Chat und schau zu, was sie mit ihrem geilen K\u00f6rper alles anstellen k\u00f6nnen.<\/p>\n<p><a href=\"https:\/\/www.transen-dating.net\/\" target=\"_blank\" rel=\"noopener noreferrer\">transen-dating.net<\/a><br \/>\nVielleicht Deutschlands hei\u00dfes Transen Dating Portal mit kostenfreiem Zugang. Hier kannst du dich kostenlos registrieren und mit Transgirls flirten. Entweder nimmst du \u00fcber den Community-internen Messenger direkt 1:1 Kontakt mit einer Transe auf oder du besuchst sie im Chatraum. Die Chancen stehen hier auf jeden Fall bestens, deinem Traum vom Sex Treffen mit einem Transgirl n\u00e4her zu kommen. Du kannst auf dieser Seite eine kostenlose Mitgliedschaft beantragen und hast dann Zugang zur gro\u00dfen Dating-Datenbank mit Adresse von Transsexuellen, Transvestiten, DWT, Crossdressern und sogar Drag Queens.<\/p>\n<p><a href=\"https:\/\/geiletransen.geile-muschi.com\/\" target=\"_blank\" rel=\"noopener noreferrer\">geiletransen.geile-muschi.com<\/a><br \/>\nAuf dieser Seite musst du unbedingt mal vorbeischauen. Dort findest du richtig geile Transen Sex Bilder von wundersch\u00f6nen Schwanzfrauen aus ganz Europa und S\u00fcd-Amerika. Geile brasilianische Ladyboys und Mannfrauen zeigen ganz private Einblicke und sie verraten dir au\u00dferdem, wo du im Internet in Sachen Transensex am meisten Geld sparen kannst. Die besten Tipps rund um Transen Sex Seiten ganz nach deinen Bed\u00fcrfnissen. So bekommst du dort Zugang zu exklusiven Gutscheinen f\u00fcr Sexcams mit Chat, bei denen Transsexuelle live senden. Und sie verraten dir, wie Sexkontakte zu Schwanzeibern greifbar werden f\u00fcr dich. Schau mal vorbei, informiere dich und betrachte gratis richtig versaute Transenpics.<\/p>\n<div class=\"mobilead\"><a href=\"https:\/\/www.pornomeile.net\/aktuell\/transen\/\" target=\"_blank\" rel=\"nofollow noopener noreferrer\"><img decoding=\"async\" src=\"\/banner\/transen-300x250.gif\" alt=\"Sex mit Transen\" \/><\/a><\/div>\n<p><a href=\"https:\/\/www.transen-sexdates.com\/\" target=\"_blank\" rel=\"noopener noreferrer\">transen-sexdates.com<\/a><br \/>\nDas ist der absolute Hammer. Ein riesiges Datingportal mit Schwanzfrauen wartet auf dich. Du kannst direkt nach deiner Stadt oder deinem Aufenthaltsort suchen und schauen, ob sich dort Transen befinden, die gerade auf der Suche nach echtem Sex sind. Die Anmeldung ist selbstverst\u00e4ndlich gratis, dir entstehen keine Kosten. Als VIP Mitglied kannst du auch die Premium Funktionen nutzen. Das erh\u00f6ht deine Chancen auf ein Sex Date mit einem Ladyboy noch einmal ganz gewaltig. Lege dir dort kostenlos ein Datingprofil an und mach dich auf eine geile Zeit mit sexy Transen bereit.<\/p>\n<h2>Transen Sex Bilder, Videos und Cams auf diesen Seiten<\/h2>\n<p>Richtig geile Transenbilder hochausgel\u00f6st und kostenlos. Hier siehst du hei\u00dfe Transgender in geilen Posen. Ihre s\u00fc\u00dfen Titten und ihr harter Schwanz werden deine Temperatur steigen lassen und machen Lust auf mehr. Mehr sollst du auch bekommen, denn dort kannst du die Hardcore Welt des Transen Sex betreten. Dort findest du auch Transenvideos von Trannies aus der ganzen Welt, sowie nat\u00fcrlich weitere Transenfotos. Es gibt dort auch einen Live Cam Chat, \u00fcber den du mit Shemales flirten kannst. Geh\u00f6rst auch du zu den M\u00e4nnern, die neugierig darauf sind, wie echter Sex mit einer Transe sich anf\u00fchlt? Schau doch mal auf dieser tollen Seite vorbei und chatte mit Transsexuellen. Daf\u00fcr erwartet dich ein 10 \u20ac Gutschein, den du gerne einreichen kannst, um Freiminuten zu bekommen. Hier sind immer einige Transen im privaten Camsex Chatraum online und zeigen dir gerne vor der Sexcam, was sie zu bieten haben. Du kannst als Voyeur einfach unbeobachtet zuschauen und spannen. Oder aber du schaltest auch deine Webcam ein und erlebst eine geile Cam zu Cam Liveshow mit einem hei\u00dfen Transgirl. Die Anmeldung ist immer kostenlos.<\/p>\n<h3>Transensex auch am Telefon erleben<\/h3>\n<p>Hallo S\u00fc\u00dfer, willst du einer geilen Shemale Transe mal zwischen die Beine schauen? Was ich da versteckt habe, wird dir sicherlich gefallen. Privater Telefonsex und ein kleiner Plausch zwischen uns beiden, wird dir die \u00dcberraschung noch vers\u00fc\u00dfen. Ich mag es total, wenn dein Schwanz meine Arschrosette streichelt und dann ohne Vorwarnung in mich eindringt. F\u00fcr einen ausdauernden Fick mit reichlich Sperma bin ich immer zu haben. Ich sauge dich bis zum letzten Rest aus, darauf kannst du wetten! Wenn du sch\u00f6n lieb bist und mein Arschloch ordentlich gebumst hast, zeige ich dir die gro\u00dfe \u00dcberraschung zwischen meinen Beinen. Wenn dich dann nochmal die Lust \u00fcbermannt, darfst du auch sofort loslegen und dich an mir vergehen! Je perverser und ordin\u00e4rer du mich durchv\u00f6gelst, desto geiler und hemmungsloser wirst du mich erleben! Also, entscheide dich f\u00fcr die Telefonsex Transe um all das mit mir anstellen zu k\u00f6nnen. Ich er\u00f6ffne dir die bizarre Welt des Transen Telefonsex! Ruf mich einfach gleich an und lass uns sofort loslegen! Ich bin nicht immer verf\u00fcgbar und wer zuerst kommt der fickt zuerst.<\/p>\n","protected":false},"excerpt":{"rendered":"<p>transen-sexchat.com Stille deine sexuelle Neugier zum Dritten Geschlecht &#8211; in Deutschlands Transen Sexchat Community mit kostenloser Mitgliedschaft! Hier kannst du ungest\u00f6rt Transsexuelle kennenlernen und mit ihnen chatten. Ihr werdet zusammen&#8230;<\/p>\n<div class=\"more-link-wrapper\"><a class=\"more-link\" href=\"https:\/\/www.pornomeile.net\/transensex\/\">Weiterlesen<span class=\"screen-reader-text\">Transen Bilder, Videos, Sexdates und Livesex mit Transgirls<\/span><\/a><\/div>\n","protected":false},"author":1,"featured_media":0,"parent":0,"menu_order":0,"comment_status":"closed","ping_status":"closed","template":"","meta":{"footnotes":""},"class_list":["post-6","page","type-page","status-publish","hentry","excerpt"],"yoast_head":"<!-- This site is optimized with the Yoast SEO plugin v27.4 - https:\/\/yoast.com\/product\/yoast-seo-wordpress\/ -->\n<title>Transensex | Transen Cams mit Chat &amp; Transsexuelle Dates<\/title>\n<meta name=\"robots\" content=\"index, follow, max-snippet:-1, max-image-preview:large, max-video-preview:-1\" \/>\n<link rel=\"canonical\" href=\"https:\/\/www.pornomeile.net\/transensex\/\" \/>\n<meta property=\"og:locale\" content=\"de_DE\" \/>\n<meta property=\"og:type\" content=\"article\" \/>\n<meta property=\"og:title\" content=\"Transensex | Transen Cams mit Chat &amp; Transsexuelle Dates\" \/>\n<meta property=\"og:description\" content=\"transen-sexchat.com Stille deine sexuelle Neugier zum Dritten Geschlecht &#8211; in Deutschlands Transen Sexchat Community mit kostenloser Mitgliedschaft! Hier kannst du ungest\u00f6rt Transsexuelle kennenlernen und mit ihnen chatten. Ihr werdet zusammen&#8230;\" \/>\n<meta property=\"og:url\" content=\"https:\/\/www.pornomeile.net\/transensex\/\" \/>\n<meta property=\"og:site_name\" content=\"Transensex\" \/>\n<meta property=\"article:modified_time\" content=\"2025-02-28T16:37:19+00:00\" \/>\n<meta property=\"og:image\" content=\"https:\/\/www.pornomeile.net\/banner\/socialtrans.gif\" \/>\n<meta name=\"twitter:card\" content=\"summary_large_image\" \/>\n<meta name=\"twitter:label1\" content=\"Gesch\u00e4tzte Lesezeit\" \/>\n\t<meta name=\"twitter:data1\" content=\"6\u00a0Minuten\" \/>\n<script type=\"application\/ld+json\" class=\"yoast-schema-graph\">{\"@context\":\"https:\\\/\\\/schema.org\",\"@graph\":[{\"@type\":\"WebPage\",\"@id\":\"https:\\\/\\\/www.pornomeile.net\\\/transensex\\\/\",\"url\":\"https:\\\/\\\/www.pornomeile.net\\\/transensex\\\/\",\"name\":\"Transensex | Transen Cams mit Chat & Transsexuelle Dates\",\"isPartOf\":{\"@id\":\"https:\\\/\\\/www.pornomeile.net\\\/transensex\\\/#website\"},\"primaryImageOfPage\":{\"@id\":\"https:\\\/\\\/www.pornomeile.net\\\/transensex\\\/#primaryimage\"},\"image\":{\"@id\":\"https:\\\/\\\/www.pornomeile.net\\\/transensex\\\/#primaryimage\"},\"thumbnailUrl\":\"https:\\\/\\\/www.pornomeile.net\\\/banner\\\/socialtrans.gif\",\"datePublished\":\"2019-07-02T06:55:56+00:00\",\"dateModified\":\"2025-02-28T16:37:19+00:00\",\"breadcrumb\":{\"@id\":\"https:\\\/\\\/www.pornomeile.net\\\/transensex\\\/#breadcrumb\"},\"inLanguage\":\"de\",\"potentialAction\":[{\"@type\":\"ReadAction\",\"target\":[\"https:\\\/\\\/www.pornomeile.net\\\/transensex\\\/\"]}]},{\"@type\":\"ImageObject\",\"inLanguage\":\"de\",\"@id\":\"https:\\\/\\\/www.pornomeile.net\\\/transensex\\\/#primaryimage\",\"url\":\"https:\\\/\\\/www.pornomeile.net\\\/banner\\\/socialtrans.gif\",\"contentUrl\":\"https:\\\/\\\/www.pornomeile.net\\\/banner\\\/socialtrans.gif\"},{\"@type\":\"BreadcrumbList\",\"@id\":\"https:\\\/\\\/www.pornomeile.net\\\/transensex\\\/#breadcrumb\",\"itemListElement\":[{\"@type\":\"ListItem\",\"position\":1,\"name\":\"Startseite\",\"item\":\"https:\\\/\\\/www.pornomeile.net\\\/transensex\\\/\"},{\"@type\":\"ListItem\",\"position\":2,\"name\":\"Transen Bilder, Videos, Sexdates und Livesex mit Transgirls\"}]},{\"@type\":\"WebSite\",\"@id\":\"https:\\\/\\\/www.pornomeile.net\\\/transensex\\\/#website\",\"url\":\"https:\\\/\\\/www.pornomeile.net\\\/transensex\\\/\",\"name\":\"Transensex\",\"description\":\"Hei\u00dfe Schwanzweiber Bilder, Transgirls live &amp; Sextreffen mit TS Girls\",\"potentialAction\":[{\"@type\":\"SearchAction\",\"target\":{\"@type\":\"EntryPoint\",\"urlTemplate\":\"https:\\\/\\\/www.pornomeile.net\\\/transensex\\\/?s={search_term_string}\"},\"query-input\":{\"@type\":\"PropertyValueSpecification\",\"valueRequired\":true,\"valueName\":\"search_term_string\"}}],\"inLanguage\":\"de\"}]}<\/script>\n<!-- \/ Yoast SEO plugin. -->","yoast_head_json":{"title":"Transensex | Transen Cams mit Chat & Transsexuelle Dates","robots":{"index":"index","follow":"follow","max-snippet":"max-snippet:-1","max-image-preview":"max-image-preview:large","max-video-preview":"max-video-preview:-1"},"canonical":"https:\/\/www.pornomeile.net\/transensex\/","og_locale":"de_DE","og_type":"article","og_title":"Transensex | Transen Cams mit Chat & Transsexuelle Dates","og_description":"transen-sexchat.com Stille deine sexuelle Neugier zum Dritten Geschlecht &#8211; in Deutschlands Transen Sexchat Community mit kostenloser Mitgliedschaft! Hier kannst du ungest\u00f6rt Transsexuelle kennenlernen und mit ihnen chatten. Ihr werdet zusammen&#8230;","og_url":"https:\/\/www.pornomeile.net\/transensex\/","og_site_name":"Transensex","article_modified_time":"2025-02-28T16:37:19+00:00","og_image":[{"url":"https:\/\/www.pornomeile.net\/banner\/socialtrans.gif","type":"","width":"","height":""}],"twitter_card":"summary_large_image","twitter_misc":{"Gesch\u00e4tzte Lesezeit":"6\u00a0Minuten"},"schema":{"@context":"https:\/\/schema.org","@graph":[{"@type":"WebPage","@id":"https:\/\/www.pornomeile.net\/transensex\/","url":"https:\/\/www.pornomeile.net\/transensex\/","name":"Transensex | Transen Cams mit Chat & Transsexuelle Dates","isPartOf":{"@id":"https:\/\/www.pornomeile.net\/transensex\/#website"},"primaryImageOfPage":{"@id":"https:\/\/www.pornomeile.net\/transensex\/#primaryimage"},"image":{"@id":"https:\/\/www.pornomeile.net\/transensex\/#primaryimage"},"thumbnailUrl":"https:\/\/www.pornomeile.net\/banner\/socialtrans.gif","datePublished":"2019-07-02T06:55:56+00:00","dateModified":"2025-02-28T16:37:19+00:00","breadcrumb":{"@id":"https:\/\/www.pornomeile.net\/transensex\/#breadcrumb"},"inLanguage":"de","potentialAction":[{"@type":"ReadAction","target":["https:\/\/www.pornomeile.net\/transensex\/"]}]},{"@type":"ImageObject","inLanguage":"de","@id":"https:\/\/www.pornomeile.net\/transensex\/#primaryimage","url":"https:\/\/www.pornomeile.net\/banner\/socialtrans.gif","contentUrl":"https:\/\/www.pornomeile.net\/banner\/socialtrans.gif"},{"@type":"BreadcrumbList","@id":"https:\/\/www.pornomeile.net\/transensex\/#breadcrumb","itemListElement":[{"@type":"ListItem","position":1,"name":"Startseite","item":"https:\/\/www.pornomeile.net\/transensex\/"},{"@type":"ListItem","position":2,"name":"Transen Bilder, Videos, Sexdates und Livesex mit Transgirls"}]},{"@type":"WebSite","@id":"https:\/\/www.pornomeile.net\/transensex\/#website","url":"https:\/\/www.pornomeile.net\/transensex\/","name":"Transensex","description":"Hei\u00dfe Schwanzweiber Bilder, Transgirls live &amp; Sextreffen mit TS Girls","potentialAction":[{"@type":"SearchAction","target":{"@type":"EntryPoint","urlTemplate":"https:\/\/www.pornomeile.net\/transensex\/?s={search_term_string}"},"query-input":{"@type":"PropertyValueSpecification","valueRequired":true,"valueName":"search_term_string"}}],"inLanguage":"de"}]}},"_links":{"self":[{"href":"https:\/\/www.pornomeile.net\/transensex\/wp-json\/wp\/v2\/pages\/6","targetHints":{"allow":["GET"]}}],"collection":[{"href":"https:\/\/www.pornomeile.net\/transensex\/wp-json\/wp\/v2\/pages"}],"about":[{"href":"https:\/\/www.pornomeile.net\/transensex\/wp-json\/wp\/v2\/types\/page"}],"author":[{"embeddable":true,"href":"https:\/\/www.pornomeile.net\/transensex\/wp-json\/wp\/v2\/users\/1"}],"replies":[{"embeddable":true,"href":"https:\/\/www.pornomeile.net\/transensex\/wp-json\/wp\/v2\/comments?post=6"}],"version-history":[{"count":19,"href":"https:\/\/www.pornomeile.net\/transensex\/wp-json\/wp\/v2\/pages\/6\/revisions"}],"predecessor-version":[{"id":58,"href":"https:\/\/www.pornomeile.net\/transensex\/wp-json\/wp\/v2\/pages\/6\/revisions\/58"}],"wp:attachment":[{"href":"https:\/\/www.pornomeile.net\/transensex\/wp-json\/wp\/v2\/media?parent=6"}],"curies":[{"name":"wp","href":"https:\/\/api.w.org\/{rel}","templated":true}]}}