{"id":5,"date":"2019-03-23T10:16:18","date_gmt":"2019-03-23T09:16:18","guid":{"rendered":"http:\/\/www.pornomeile.net\/titten-sex\/?page_id=5"},"modified":"2025-02-28T17:35:24","modified_gmt":"2025-02-28T16:35:24","slug":"titten-sex","status":"publish","type":"page","link":"https:\/\/www.pornomeile.net\/titten-sex\/","title":{"rendered":"M\u00f6pse von klein bis riesig &#8211; gute Seiten zum Thema Tittensex"},"content":{"rendered":"<p><a href=\"https:\/\/www.camtocam1.com\/titten-camtocam\/\" target=\"_blank\" rel=\"noopener noreferrer\">camtocam1.com\/titten-camtocam\/<\/a><br \/>\nFrauen mit richtig dicken Titten findest du hier ganz privat vor der Webcam. Dieses Portal wartet mit einem fetten 50 Euro Ticket auf dich, dass es dir erm\u00f6glicht, den Chat umsonst zu testen. Schau geilen Frauen und auch Rubensfrauen zu, wie sie ihre geilen Br\u00fcste kneten, ihre Nippel liebkosen und ihre prallen Euter in der Liveshow wackeln lassen. Wie geil ist es doch, wenn eine Frau ihre dicken Hupen ganz nah vor die Kamera h\u00e4lt, so dass du sie fast anfassen und durchkneten kannst. In einer privaten Cam to Cam Livesex Sitzung wird dir dies und noch viel mehr geboten. Du kannst w\u00e4hlen, ob du eine Frau mit nat\u00fcrlichen, sehr gro\u00dfen M\u00f6psen sehen willst oder ob du Silikontitten ab K\u00f6rbchengr\u00f6\u00dfe F bevorzugst. Auch live Tittenfick Action wird dir geboten.<\/p>\n<div class=\"mobilead\"><a href=\"https:\/\/www.pornomeile.net\/aktuell\/titten\/\" target=\"_blank\" rel=\"nofollow noopener noreferrer\"><img decoding=\"async\" src=\"\/banner\/titten-300x250.jpg\" alt=\"Titten Sex\" \/><\/a><\/div>\n<h2>Camgirls zeigen gro\u00dfe aber auch kleine Titten nach deinem Geschmack<\/h2>\n<p>Ohne Ende scharfe Camgirls mit kleinen oder gro\u00dfen, nat\u00fcrlichen oder operierten Titten. Hier dreht sich alles um M\u00f6pse, so wie du sie magst! Wenn du lieber M\u00e4dels mit einem kleinen A K\u00f6rbchen stehst, warten sehr schlanke, sportliche Camgirls auf dich, um ihre kleinen Nippel f\u00fcr dich live zu liebkosen. Magst du dagegen absolut krasse Megatitten, dann gibt es f\u00fcr die den Himmel auf Erden. Chatte mit sexy Frauen, die auch mal ein H K\u00f6rbchen vor sich hertragen. Alle Livegirls haben bei diesen Titten Sexcams auf jeden Fall m\u00e4chtig geiles Holz vor der H\u00fctte. Entscheide selbst, welches Cam Girl dir am besten gef\u00e4llt und lass sie f\u00fcr dich live mit ihren geilen Br\u00fcsten spielen. Vergiss dabei nicht, dir die 50 Euro Guthaben einzustecken, die man dir bei Erstanmeldung schenkt! Die Links zum Gratisguthaben findest du direkt auf der Seite. Probiere es doch sofort gratis aus.<\/p>\n","protected":false},"excerpt":{"rendered":"<p>camtocam1.com\/titten-camtocam\/ Frauen mit richtig dicken Titten findest du hier ganz privat vor der Webcam. Dieses Portal wartet mit einem fetten 50 Euro Ticket auf dich, dass es dir erm\u00f6glicht, den&#8230;<\/p>\n<div class=\"more-link-wrapper\"><a class=\"more-link\" href=\"https:\/\/www.pornomeile.net\/titten-sex\/\">Weiterlesen<span class=\"screen-reader-text\">M\u00f6pse von klein bis riesig &#8211; gute Seiten zum Thema Tittensex<\/span><\/a><\/div>\n","protected":false},"author":1,"featured_media":0,"parent":0,"menu_order":0,"comment_status":"closed","ping_status":"closed","template":"","meta":{"footnotes":""},"class_list":["post-5","page","type-page","status-publish","hentry","excerpt"],"yoast_head":"<!-- This site is optimized with the Yoast SEO plugin v27.4 - https:\/\/yoast.com\/product\/yoast-seo-wordpress\/ -->\n<title>Titten Sex | Geile Tittenfick Pornos &amp; Frauen mit gr\u00f6\u00dfen Br\u00fcsten<\/title>\n<meta name=\"robots\" content=\"index, follow, max-snippet:-1, max-image-preview:large, max-video-preview:-1\" \/>\n<link rel=\"canonical\" href=\"https:\/\/www.pornomeile.net\/titten-sex\/\" \/>\n<meta property=\"og:locale\" content=\"de_DE\" \/>\n<meta property=\"og:type\" content=\"article\" \/>\n<meta property=\"og:title\" content=\"Titten Sex | Geile Tittenfick Pornos &amp; Frauen mit gr\u00f6\u00dfen Br\u00fcsten\" \/>\n<meta property=\"og:description\" content=\"camtocam1.com\/titten-camtocam\/ Frauen mit richtig dicken Titten findest du hier ganz privat vor der Webcam. Dieses Portal wartet mit einem fetten 50 Euro Ticket auf dich, dass es dir erm\u00f6glicht, den&#8230;\" \/>\n<meta property=\"og:url\" content=\"https:\/\/www.pornomeile.net\/titten-sex\/\" \/>\n<meta property=\"og:site_name\" content=\"Titten Sex\" \/>\n<meta property=\"article:modified_time\" content=\"2025-02-28T16:35:24+00:00\" \/>\n<meta name=\"twitter:card\" content=\"summary_large_image\" \/>\n<meta name=\"twitter:label1\" content=\"Gesch\u00e4tzte Lesezeit\" \/>\n\t<meta name=\"twitter:data1\" content=\"2\u00a0Minuten\" \/>\n<script type=\"application\/ld+json\" class=\"yoast-schema-graph\">{\"@context\":\"https:\\\/\\\/schema.org\",\"@graph\":[{\"@type\":\"WebPage\",\"@id\":\"https:\\\/\\\/www.pornomeile.net\\\/titten-sex\\\/\",\"url\":\"https:\\\/\\\/www.pornomeile.net\\\/titten-sex\\\/\",\"name\":\"Titten Sex | Geile Tittenfick Pornos & Frauen mit gr\u00f6\u00dfen Br\u00fcsten\",\"isPartOf\":{\"@id\":\"https:\\\/\\\/www.pornomeile.net\\\/titten-sex\\\/#website\"},\"datePublished\":\"2019-03-23T09:16:18+00:00\",\"dateModified\":\"2025-02-28T16:35:24+00:00\",\"breadcrumb\":{\"@id\":\"https:\\\/\\\/www.pornomeile.net\\\/titten-sex\\\/#breadcrumb\"},\"inLanguage\":\"de\",\"potentialAction\":[{\"@type\":\"ReadAction\",\"target\":[\"https:\\\/\\\/www.pornomeile.net\\\/titten-sex\\\/\"]}]},{\"@type\":\"BreadcrumbList\",\"@id\":\"https:\\\/\\\/www.pornomeile.net\\\/titten-sex\\\/#breadcrumb\",\"itemListElement\":[{\"@type\":\"ListItem\",\"position\":1,\"name\":\"Startseite\",\"item\":\"https:\\\/\\\/www.pornomeile.net\\\/titten-sex\\\/\"},{\"@type\":\"ListItem\",\"position\":2,\"name\":\"M\u00f6pse von klein bis riesig &#8211; gute Seiten zum Thema Tittensex\"}]},{\"@type\":\"WebSite\",\"@id\":\"https:\\\/\\\/www.pornomeile.net\\\/titten-sex\\\/#website\",\"url\":\"https:\\\/\\\/www.pornomeile.net\\\/titten-sex\\\/\",\"name\":\"Titten Sex\",\"description\":\"Von kleinen Titties bis Megatitten\",\"potentialAction\":[{\"@type\":\"SearchAction\",\"target\":{\"@type\":\"EntryPoint\",\"urlTemplate\":\"https:\\\/\\\/www.pornomeile.net\\\/titten-sex\\\/?s={search_term_string}\"},\"query-input\":{\"@type\":\"PropertyValueSpecification\",\"valueRequired\":true,\"valueName\":\"search_term_string\"}}],\"inLanguage\":\"de\"}]}<\/script>\n<!-- \/ Yoast SEO plugin. -->","yoast_head_json":{"title":"Titten Sex | Geile Tittenfick Pornos & Frauen mit gr\u00f6\u00dfen Br\u00fcsten","robots":{"index":"index","follow":"follow","max-snippet":"max-snippet:-1","max-image-preview":"max-image-preview:large","max-video-preview":"max-video-preview:-1"},"canonical":"https:\/\/www.pornomeile.net\/titten-sex\/","og_locale":"de_DE","og_type":"article","og_title":"Titten Sex | Geile Tittenfick Pornos & Frauen mit gr\u00f6\u00dfen Br\u00fcsten","og_description":"camtocam1.com\/titten-camtocam\/ Frauen mit richtig dicken Titten findest du hier ganz privat vor der Webcam. Dieses Portal wartet mit einem fetten 50 Euro Ticket auf dich, dass es dir erm\u00f6glicht, den&#8230;","og_url":"https:\/\/www.pornomeile.net\/titten-sex\/","og_site_name":"Titten Sex","article_modified_time":"2025-02-28T16:35:24+00:00","twitter_card":"summary_large_image","twitter_misc":{"Gesch\u00e4tzte Lesezeit":"2\u00a0Minuten"},"schema":{"@context":"https:\/\/schema.org","@graph":[{"@type":"WebPage","@id":"https:\/\/www.pornomeile.net\/titten-sex\/","url":"https:\/\/www.pornomeile.net\/titten-sex\/","name":"Titten Sex | Geile Tittenfick Pornos & Frauen mit gr\u00f6\u00dfen Br\u00fcsten","isPartOf":{"@id":"https:\/\/www.pornomeile.net\/titten-sex\/#website"},"datePublished":"2019-03-23T09:16:18+00:00","dateModified":"2025-02-28T16:35:24+00:00","breadcrumb":{"@id":"https:\/\/www.pornomeile.net\/titten-sex\/#breadcrumb"},"inLanguage":"de","potentialAction":[{"@type":"ReadAction","target":["https:\/\/www.pornomeile.net\/titten-sex\/"]}]},{"@type":"BreadcrumbList","@id":"https:\/\/www.pornomeile.net\/titten-sex\/#breadcrumb","itemListElement":[{"@type":"ListItem","position":1,"name":"Startseite","item":"https:\/\/www.pornomeile.net\/titten-sex\/"},{"@type":"ListItem","position":2,"name":"M\u00f6pse von klein bis riesig &#8211; gute Seiten zum Thema Tittensex"}]},{"@type":"WebSite","@id":"https:\/\/www.pornomeile.net\/titten-sex\/#website","url":"https:\/\/www.pornomeile.net\/titten-sex\/","name":"Titten Sex","description":"Von kleinen Titties bis Megatitten","potentialAction":[{"@type":"SearchAction","target":{"@type":"EntryPoint","urlTemplate":"https:\/\/www.pornomeile.net\/titten-sex\/?s={search_term_string}"},"query-input":{"@type":"PropertyValueSpecification","valueRequired":true,"valueName":"search_term_string"}}],"inLanguage":"de"}]}},"_links":{"self":[{"href":"https:\/\/www.pornomeile.net\/titten-sex\/wp-json\/wp\/v2\/pages\/5","targetHints":{"allow":["GET"]}}],"collection":[{"href":"https:\/\/www.pornomeile.net\/titten-sex\/wp-json\/wp\/v2\/pages"}],"about":[{"href":"https:\/\/www.pornomeile.net\/titten-sex\/wp-json\/wp\/v2\/types\/page"}],"author":[{"embeddable":true,"href":"https:\/\/www.pornomeile.net\/titten-sex\/wp-json\/wp\/v2\/users\/1"}],"replies":[{"embeddable":true,"href":"https:\/\/www.pornomeile.net\/titten-sex\/wp-json\/wp\/v2\/comments?post=5"}],"version-history":[{"count":16,"href":"https:\/\/www.pornomeile.net\/titten-sex\/wp-json\/wp\/v2\/pages\/5\/revisions"}],"predecessor-version":[{"id":53,"href":"https:\/\/www.pornomeile.net\/titten-sex\/wp-json\/wp\/v2\/pages\/5\/revisions\/53"}],"wp:attachment":[{"href":"https:\/\/www.pornomeile.net\/titten-sex\/wp-json\/wp\/v2\/media?parent=5"}],"curies":[{"name":"wp","href":"https:\/\/api.w.org\/{rel}","templated":true}]}}