{"id":5,"date":"2019-03-23T10:13:44","date_gmt":"2019-03-23T09:13:44","guid":{"rendered":"http:\/\/www.pornomeile.net\/telefonsex\/?page_id=5"},"modified":"2025-02-28T17:33:44","modified_gmt":"2025-02-28T16:33:44","slug":"telefonsex","status":"publish","type":"page","link":"https:\/\/www.pornomeile.net\/telefonsex\/","title":{"rendered":"Telefonerotik f\u00fcr private Gespr\u00e4che mit &#038; ohne Gratis Cam"},"content":{"rendered":"<p><a href=\"https:\/\/www.telefonsex-24.net\/\" target=\"_blank\" rel=\"noopener noreferrer\">telefonsex-24.net<\/a><br \/>\nSuche dir aus geilen Frauen genau deine Traumfrau aus, um mit ihr ungest\u00f6rt Telefonsex zu erleben. Ganz ohne Registrierung kannst du diese Girls jederzeit per Festnetz oder vom Handy aus anrufen, um ganz ungest\u00f6rt mit ihnen zu plaudern. Der Oberhammer ist aber, dass du lediglich f\u00fcr den Anruf zahlst und das Livebild ihrer Sexcam kostenlos anschauen kannst. Damit bekommst du Telefon Sex und Livecamsex zu einem Preis! Rufe einfach eine Frau an, dann wirst du sie direkt am H\u00f6rer haben. Sie gibt dir umgehend ihren Livecam Code durch, den du in das entsprechende Feld eingeben kannst. So siehst du auch, mit wem du telefonierst und kannst der Dame bei ihrem Live Camsex gratis zuschauen. Probiere es doch mal aus.<\/p>\n<p><a href=\"https:\/\/telefonsexcams.geile-muschi.com\/\" target=\"_blank\" rel=\"noopener noreferrer\">telefonsexcams.geile-muschi.com<\/a><br \/>\nHier hast du die freie Auswahl der besten deutschsprachigen Seiten f\u00fcr Telefonsex mit und auch ohne Gratis Livecam Zugang. Schau dir au\u00dferdem die geilen Fotos scharfer Girls an, die deine Lust steigern werden, sie gleich anzurufen und mit ihnen hei\u00dfen Telefon Sex zu erleben. Dort kannst du z.B. auch ganz besondere Telefongirls finden. Wie w\u00e4re es z.B. mal mit einer sexy Milf, einer hei\u00dfen Mutter ganz privat f\u00fcr dich am Telefon? Oder willst du mit Singles oder verheirateten Hausfrauen telefonieren, die dich vielleicht auch mal real treffen m\u00f6chten? Dann gibt es dort auch reichlich Auswahl, so dass du beim Telefonieren auch ein Fickdate mit einer Frau verabreden kannst.<\/p>\n<div class=\"mobileadtoo\"><a href=\"https:\/\/www.pornomeile.net\/aktuell\/cams\/\" target=\"_blank\" rel=\"nofollow noopener noreferrer\"><img loading=\"lazy\" decoding=\"async\" src=\"https:\/\/www.pornomeile.net\/banner\/camtini.gif\" width=\"350\" height=\"250\" alt=\"Amateur Cams\" \/><\/a><\/div>\n<p><a href=\"https:\/\/www.telefonsex-cam2cam.net\/\" target=\"_blank\" rel=\"noopener noreferrer\">telefonsex-cam2cam.net<\/a><br \/>\nAuf diesem Portal f\u00fcr geile Telefonerotik kannst du die Frauen mit denen du telefoniert ganz f\u00fcr dich allein haben. Und zwar einem Telefonsex Cam2Cam Livechat. Wie das funktioniert? Du siehst dort alle Frauen und deren Erreichbarkeit in Echtzeit. Wenn dir eine Dame gef\u00e4llt, kannst du sie direkt anrufen, sofern sie verf\u00fcgbar ist. Das geht ganz ohne Anmeldung! Sobald ihr verbunden seid, bekommst du von diesem Girl einen bestimmten Code, den du auf der Seite eingeben kannst. Der Code erm\u00f6glicht es dir, in den privaten Cam2Cam Telefon Sex Chat mit dieser Dame zu wechseln. So k\u00f6nnt ihr euch gegenseitig beim Wichsen zuschauen und gemeinsam von einem H\u00f6hepunkt zum n\u00e4chsten Orgasmus wichsen.<\/p>\n<p><a href=\"https:\/\/www.sexcams-community.com\/telefonsex-cams\/\" rel=\"noopener noreferrer\" target=\"_blank\">sexcams-community.com\/telefonsex-cams\/<\/a><br \/>\nTelefonsex Anzeigen in Zeitungen waren fr\u00fcher mal. Da war dann irgendeine Tussi abgebildet, die recht gut aussah. Rief man bei dieser Telesexdame an, wusste man aber gar nicht, ob eben auch diese gerade den H\u00f6rer abnimmt. Heutzutage ist das anders. Bei diesem Portal handelt es sich um eine Symbiose aus Sexcams geiler Frauen und Telefonsex in einem Angebot. Das bedeutet f\u00fcr dich, dass all die geilen Girls und Hausfrauen auf dieser Webseite sowohl telefonisch erreichbar sind, als auch f\u00fcr geilen Camsex sorgen. Du zahlst dabei aber nur f\u00fcr den Telefonsex und bekommst das Livebild ihrer Webcam ganz umsonst dazu. Ist das nicht geil? Anonym ohne Anmeldung ausprobieren!<\/p>\n<div class=\"mobileadtoo\"><a href=\"https:\/\/www.pornomeile.net\/aktuell\/community\/\" target=\"_blank\" rel=\"nofollow noopener noreferrer\"><img loading=\"lazy\" decoding=\"async\" src=\"https:\/\/www.pornomeile.net\/banner\/blink.gif\" width=\"350\" height=\"250\" alt=\"zur Amateurcommunity\" \/><\/a><\/div>\n<p><a href=\"https:\/\/www.hausfrauen-telefonsex.cam\/\" target=\"_blank\" rel=\"noopener noreferrer\">hausfrauen-telefonsex.cam<\/a><br \/>\nPrivater Telefon Sex mit Hausfrauen und Milfs aus Deutschland &#8211; 100% diskret, anonym und direkt verf\u00fcgbar. Hier kannst du anonym eine geile Hausfrau anrufen und mit ihr am Telefon Telefonerotik erleben. Das Beste jedoch ist, dass dir dieses hei\u00dfe St\u00fcck einen geheimen Code geben wird, mit dem du auch ihre Sex-Livecam kostenfrei zuschalten kannst. W\u00e4hrend du das Telefongespr\u00e4ch mit ihr f\u00fchrst, kannst du sie also auch noch live vor der Webcam beim Livesex beobachten &#8211; daf\u00fcr zahlst du keinen Cent extra! Ist das nicht ein geiler exklusiver Service? Telefonsex mit Cam zu fairen Preisen. Teste es doch gleich mal aus, bewahre deine Anonymit\u00e4t und flirte am Telefon mit Deutschlands versauten Telegirls.<\/p>\n<div class=\"mobileadtoo\"><a href=\"https:\/\/www.pornomeile.net\/aktuell\/cams\/\" target=\"_blank\" rel=\"nofollow noopener noreferrer\"><img loading=\"lazy\" decoding=\"async\" src=\"https:\/\/www.pornomeile.net\/banner\/sexchat-300x250.gif\" width=\"350\" height=\"250\" alt=\"Sexchat besuchen\" \/><\/a><\/div>\n<p><a href=\"https:\/\/telefon-sex-frauen.deutsche-sexlinks.com\/\" target=\"_blank\" rel=\"noopener noreferrer\">telefon-sex-frauen.deutsche-sexlinks.com<\/a><br \/>\nDu suchst nach privater Telefonsex Action und geile Frauen am Telefon die du direkt und ohne lange Wartezeiten an die Strippe bekommst? Hier bekommst du geile Amateur Girls, die von zu Hause an der privaten Sex am Telefon Hotline scharfe Gespr\u00e4che am Telefon mit dir haben wollen. Alles was du brauchst ist hier dabei, Festnetznummer und geringe Kosten und Handynummern sowie Telefonsex f\u00fcr Frauen und alle nur erdenklichen Nummern von Girls, von der exotischen Asiatin bis hin zu seltenen Shemales. \u00c4ltere Reife Frauen, junge Teenbabes oder auch alte Omas. Hier findest du zu jedem noch so ausgefallenen Fetisch die richtige Nummer f\u00fcr dein Telefonsex direkt Vergn\u00fcgen.<\/p>\n<p><a href=\"https:\/\/www.telefonsex-mit-bild.org\/\" target=\"_blank\" rel=\"noopener noreferrer\">telefonsex-mit-bild.org<\/a><br \/>\nDie besten Frauen am Sextelefon, jetzt live am Telefon beim Telefonsex kennenlernen und Spa\u00df haben. Echte Rubensfrauen, Asiatinnen, Hausfrauen, Transen oder Teengirls, hier ist wirklich alles dabei was man sich w\u00fcnschen kann. Hemmungslos und absolut ohne Tabus treiben sie es mit Dir ohne Zeitdruck und mit viel Fantasie am Telefon. Telefonsex ist schon geil, notgeile Frauen beim Telefon Sex sind aber noch eine ganze Spur geiler, dass wirst Du als Fachmann f\u00fcr perverse Unterhaltungen am Telefon schnell feststellen. Also nichts wie ran an das Handy oder den Festnetz-Apparat und in die Tasten gehauen damit die besten Frauen nicht schon besetzt sind!<\/p>\n<p><a href=\"https:\/\/www.telefonflirts.com\/\" target=\"_blank\" rel=\"noopener noreferrer\">telefonflirts.com<\/a><br \/>\nWenn die wilden Frauen am Telefon st\u00f6hnen dann erbebt der Boden und in China fallen die Reiss\u00e4cke um. So m\u00e4chtig ist die sexuelle Power, die unsere geilen St\u00f6hnstuten von sich geben, wenn sie ihre nassen Spalten mit den Sextoys bef\u00fcllen, w\u00e4hrend sie dir versaute Sexgeschichten erz\u00e4hlen. Guter Telefonsex mit allen m\u00f6glichen weiblichen Protagonistinnen erwartet dich in Form von vieler geiler Nummern auf dieser Webseite. <\/p>\n<p><a href=\"https:\/\/telefonsex-nummern.net\/\" target=\"_blank\" rel=\"noopener noreferrer\">telefonsex-nummern.net<\/a><br \/>\nSinnliches St\u00f6hnen, zarte Tittchen und eine Kiste voller Sextoys mit denen sich wundersch\u00f6ne Frauen ihre feuchten Lustschlitze bis zum H\u00f6hepunkt bearbeiten. Wenn du auf solche geilen Dinge stehst, dann solltest du unbedingt mal auf diesem Blog vorbeischauen und direkt die Telefonsex Nummern von diesen wundervollen deutschen Frauen anw\u00e4hlen. Da ist geiler Spa\u00df am Telefon garantiert. Du entscheidest ob du versaute Hardcore Gespr\u00e4che f\u00fchren willst oder sanfte erotische Gedichte vortragen m\u00f6chtest. Deiner Phantasie sind beim Telefonsex keine Grenzen gesetzt.<\/p>\n<p><a href=\"https:\/\/www.telefonsex-seite.net\/\" target=\"_blank\" rel=\"noopener noreferrer\">telefonsex-seite.net<\/a><br \/>\nWie w\u00e4re es einfach mal das Telefon zur Hand zu nehmen und mit wildfremden Frauen aus ganz Deutschland verbunden zu werden, mit denen man so richtig sch\u00f6n unanst\u00e4ndige Gespr\u00e4che f\u00fchren kann? Gerade das Anonyme dieser zuf\u00e4lligen Telefonverbindungen macht das ganze so aufregend und versaut, da die Telefonsex Frauen in der Anonymit\u00e4t s\u00e4mtliche Hemmungen fallen lassen und so versaut und pervers agieren wie sie es sonst niemals tun w\u00fcrden. Du bist neugierig geworden auf diese Frauen und m\u00f6chtest mit ihnen den Sex am Telefon mit erotischen Gespr\u00e4chen haben? Dann schau doch einfach mal auf der Telefonsex Seite vorbei wo du eine Menge an geilen Nummern zu verschiedenen Frauen findest.<\/p>\n<div class=\"mobileadtoo\"><a href=\"https:\/\/www.pornomeile.net\/aktuell\/amateursex\/\" target=\"_blank\" rel=\"nofollow noopener noreferrer\"><img loading=\"lazy\" decoding=\"async\" src=\"https:\/\/www.pornomeile.net\/banner\/comm4.gif\" width=\"350\" height=\"250\" alt=\"Community f\u00fcr Sex besuchen\" \/><\/a><\/div>\n<p><a href=\"https:\/\/direkt-telefonsex.net\/\" target=\"_blank\" rel=\"noopener noreferrer\">direkt-telefonsex.net<\/a><br \/>\nDas Angebot an Nummern und Damen im Internet ist sehr gro\u00df. Da w\u00e4re zuerst nat\u00fcrlich der private Telefonsex mit Frauen an sich. Man telefoniert mit den Telefonludern in der Line und je nach Lust und Neigung kann das ein ganz junges, 18-J\u00e4hriges Teengirl sein oder auch eine reifere Frau jenseits der 40, die aber daf\u00fcr schon viele erotische Erfahrungen in ihrem bisherigen Sexleben gesammelt. Wenn die anfangen aus dem N\u00e4hk\u00e4stchen zu plaudern, werden auch gestandene Burschen rot im Gesicht. Aber Geschm\u00e4cker sind zum Gl\u00fcck verschieden und ebenso sind Frauen an sich. Jung, alt, versaut, blond, devot oder dominant&#8230; Beim Telefonsex direkt spielt der Kopf gewisserma\u00dfen eine gro\u00dfe Rolle, denn ohne Fantasie geht da nicht wirklich viel. Und so kann das Telefonluder in der Sexhotline jegliche Gestalt annehmen und dazu jede Rolle annehmen. Wenn du den Telefonsex ausprobieren m\u00f6chtest dann w\u00e4hle einfach eine der vorgestellten Nummern und lasse dich direkt zu einer geilen Lady durchstellen.<\/p>\n<p><a href=\"https:\/\/www.telefonsexparadies.com\/\" target=\"_blank\" rel=\"noopener noreferrer\">telefonsexparadies.com<\/a><br \/>\nDu willst das geilste Angebot an live Telefonsex Nummern das es im deutschsprachigen Raum zu finden gibt? Kein Problem! Hier findest du ein breit Aufgestelltes Angebot an allerlei Telefon Erotik Diensten, von der Asiatischen Frau bis hin zu knackigen deutschen Teens und auch die Domina oder als Gegensatz dazu die devote Sklavin, findest du hier alle m\u00f6glichen Nummern zu allen m\u00f6glichen Nischen. Die geilen Girls sind dabei an jedem Tag des Jahres, zu jeder Uhrzeit live f\u00fcr dich am Telefon erreichbar. Jetzt nichts wie los und sofort loslegen mit schl\u00fcpfrigen Telefongespr\u00e4chen.<\/p>\n<p><a href=\"https:\/\/mobil-telefonsex.net\/\" target=\"_blank\" rel=\"noopener noreferrer\">mobil-telefonsex.net<\/a><br \/>\nDie passenden Telefonsex Mobil Nummern findest du hier! Brauchst Du scharfen Sex am Telefon und willst es richtig geil mit einer sexy Lady treiben, deren Telefonsex Anzeige dich auch richtig an macht? Wenn Du geil darauf bist und scharf auf hei\u00dfen Sex, dann kannst Du mich jetzt anrufen und es mit mir richtig geil zusammen treiben. Ich reibe jetzt schon meine geile Pussy und ich bin scharf darauf das es mir bei unserem geilen Telefongespr\u00e4ch scharf kommt. Bist Du geil darauf es mit mir zu machen und scharf zu werden beim Dirty Talk am Mobil Telefon? Ich bin geil und es wird dir bestimmt auch gefallen, was ich mit dir machen werde, also ruf mich einfach jetzt gleich an f\u00fcr den besten Mobil Telefonsex den du jemals in deinem Leben gehabt hast!<\/p>\n<p><a href=\"https:\/\/www.telefonsex-0900.top\/\" target=\"_blank\" rel=\"noopener noreferrer\">telefonsex-0900.top<\/a><br \/>\nOld ist Gold lautet die Weisheit, die garantiert auf die guten alten 0900er Telefonsex Nummern zutrifft, die jeder noch von fr\u00fcher aus dem t\u00e4glichen Werbespot Bombardement kennt. Die modernen Mobiltelefone m\u00f6gen ja schick und d\u00fcnn und leicht sein, aber f\u00fcr ein l\u00e4ngeres telefonieren sind sie einfach nur unpraktisch. Darum besinnen wir uns auf die guten alten Zeiten und genie\u00dfen den Telefonsex 0900 mit unseren gro\u00dfen und gut in der Hand liegenden Haustelefonen.<\/p>\n<p><a href=\"https:\/\/sextelefongirls.com\/\" target=\"_blank\" rel=\"noopener noreferrer\">sextelefongirls.com<\/a><br \/>\nTelefonsex Erotik mit Frauen aus Deutschland, \u00d6sterreich und der Schweiz. 100% Live Sextelefon Kontakte zu Amateuren, geilen Hausfrauen, Girls, Telefondominas, Hobby-Nutten und Profifrauen.<br \/>\nWas auch immer Du suchst, hier bekommst du Erotik am Telefon der Extraklasse &#8211; ganz privat und ohne lange Wartezeiten. F\u00fcr ganz neugierige Augen gibt es auch die Sextelefon-Cam wo man zum klassischen Telefonfick auch noch das Ultra HD Livebild der geilen Frauen sehen kann.<\/p>\n<h2>Telefonsex Nummern f\u00fcr anonymen Telesex mit Livecam<\/h2>\n<p>Private Frauen, die dich mit versauter Telefonerotik verw\u00f6hnen wollen. Hei\u00dfer Sex am Telefon wo du geile private Gespr\u00e4che erlebst. Unzensierter Telesex mit versauten Traumfrauen die am H\u00f6rer ungeniert st\u00f6hnen um dich auf zu geilen. Hier bekommst du z\u00fcgellosen Sex geboten mit den besten Telefonsex Sex Nummern aus Deutschland. Lass dich verw\u00f6hnen durch hei\u00dfe Frauen die wissen, wie man deinen Pimmel zum stehen bringt. Nur geile Telesex Girls, die es kaum erwarten k\u00f6nnen. Verf\u00fchrerische Sch\u00f6nheiten und sexy Damen in engen Dessous wollen mit dir gemeinsam Handysex haben. Hier findest du nur geile Ladies f\u00fcr Handy Telefonsex. Notgeile Hausfrauen und scharfe Studentinnen die dich am H\u00f6rer aufgeilen, bis du spritzt. Hier sind keine Amateure am Werk, sondern Telesex Frauen die ihre Handwerk verstehen.<\/p>\n<h3>Notgeile Hausfrauen f\u00fcr Telefon Sex finden<\/h3>\n<p>Seit Jahren die Nummer eins f\u00fcr private Telefon Sex Nummern. Pervers veranlagte Luststuten wollen geil mit dir telefonieren und hei\u00dfen Sex erleben. Hier findest du die besten Nummern aus \u00d6sterreich, wenn du Telefonsex mit scharfen Ladies erleben magst. Jugendliche Studentinnen gerade vollj\u00e4hrig genauso wie notgeile Hausfrauen aus Wien wichsen sich beim Telefonieren die feuchte Muschi. Hier kannst du die frivolen Frauen in Live Aktion erleben. Hier nur traumhaft geile Frauen die auf scharfen versauten Telefonsex stehen.<\/p>\n<h4>Sex am Telefon f\u00fcr geile Verbalerotik mit hei\u00dfen Ludern und Rentnerinnen<\/h4>\n<p>Geile Luder wollen mit dir zusammen am Telefon Sex praktizieren und manch eins von den hei\u00dfen Ludern will auch privat Sex mit dir ausleben. Anrufen und sich am Telefon H\u00f6rer verw\u00f6hnen lassen. Pack deinen strammen Pimmel doch schon mal aus und verw\u00f6hne dich selbst dabei. Die Telefonsex Frauen tuen das ganz sicher auch. Muschi wichsen, wenn du verstehst. Hei\u00dfer Sex am Telefon mit attraktiven Omas die und geilen Rentnerinnen die ihre Lust am Telefon ausleben. Sie sind kein altes Eisen und erst recht keine alten Schachteln. Bei den Telefonsex Omas findest du lebenslustige Frauen 60+ die auf geilen Sex am Telefon stehen. Hier findest du geile Verbalerotik mit tabulosen alten Frauen \u00fcber 70 und \u00e4lter. Hier kannst du mit reifen Damen telefonieren und die gleichzeitig einen aus der Palme r\u00fctteln. Erlebe hier geile Omas am Telefon.<\/p>\n<p>Sexy sch\u00f6ne Teens bieten dir versaute Telefonerotik vom allerfeinsten. Du kannst private Gespr\u00e4che mit den jungen Hobbynutten f\u00fchren und kannst gleichzeitig die hei\u00dfen Hausfrauen vollspritzen. Cumshot s\u00fcchtige Frauen mit dicken Titten biedern sich an f\u00fcr geilen Sex am Telefon. Unz\u00e4hlige Sch\u00f6nheiten die auf deinen versauten Anruf warten und sich mit dir online verbinden wollen. Viel geilere Wichsgirls findet ihr nicht f\u00fcr XXX Telefonsex.<\/p>\n","protected":false},"excerpt":{"rendered":"<p>telefonsex-24.net Suche dir aus geilen Frauen genau deine Traumfrau aus, um mit ihr ungest\u00f6rt Telefonsex zu erleben. Ganz ohne Registrierung kannst du diese Girls jederzeit per Festnetz oder vom Handy&#8230;<\/p>\n<div class=\"more-link-wrapper\"><a class=\"more-link\" href=\"https:\/\/www.pornomeile.net\/telefonsex\/\">Weiterlesen<span class=\"screen-reader-text\">Telefonerotik f\u00fcr private Gespr\u00e4che mit &#038; ohne Gratis Cam<\/span><\/a><\/div>\n","protected":false},"author":1,"featured_media":0,"parent":0,"menu_order":0,"comment_status":"closed","ping_status":"closed","template":"","meta":{"footnotes":""},"class_list":["post-5","page","type-page","status-publish","hentry","excerpt"],"yoast_head":"<!-- This site is optimized with the Yoast SEO plugin v27.3 - https:\/\/yoast.com\/product\/yoast-seo-wordpress\/ -->\n<title>Telefonsex Girls | Telefon Sex Nummern auch mit gratis Livecam<\/title>\n<meta name=\"robots\" content=\"index, follow, max-snippet:-1, max-image-preview:large, max-video-preview:-1\" \/>\n<link rel=\"canonical\" href=\"https:\/\/www.pornomeile.net\/telefonsex\/\" \/>\n<meta property=\"og:locale\" content=\"de_DE\" \/>\n<meta property=\"og:type\" content=\"article\" \/>\n<meta property=\"og:title\" content=\"Telefonsex Girls | Telefon Sex Nummern auch mit gratis Livecam\" \/>\n<meta property=\"og:description\" content=\"telefonsex-24.net Suche dir aus geilen Frauen genau deine Traumfrau aus, um mit ihr ungest\u00f6rt Telefonsex zu erleben. Ganz ohne Registrierung kannst du diese Girls jederzeit per Festnetz oder vom Handy&#8230;\" \/>\n<meta property=\"og:url\" content=\"https:\/\/www.pornomeile.net\/telefonsex\/\" \/>\n<meta property=\"og:site_name\" content=\"Telefonsex\" \/>\n<meta property=\"article:modified_time\" content=\"2025-02-28T16:33:44+00:00\" \/>\n<meta property=\"og:image\" content=\"https:\/\/www.pornomeile.net\/banner\/camtini.gif\" \/>\n<meta name=\"twitter:card\" content=\"summary_large_image\" \/>\n<meta name=\"twitter:label1\" content=\"Gesch\u00e4tzte Lesezeit\" \/>\n\t<meta name=\"twitter:data1\" content=\"12\u00a0Minuten\" \/>\n<script type=\"application\/ld+json\" class=\"yoast-schema-graph\">{\"@context\":\"https:\\\/\\\/schema.org\",\"@graph\":[{\"@type\":\"WebPage\",\"@id\":\"https:\\\/\\\/www.pornomeile.net\\\/telefonsex\\\/\",\"url\":\"https:\\\/\\\/www.pornomeile.net\\\/telefonsex\\\/\",\"name\":\"Telefonsex Girls | Telefon Sex Nummern auch mit gratis Livecam\",\"isPartOf\":{\"@id\":\"https:\\\/\\\/www.pornomeile.net\\\/telefonsex\\\/#website\"},\"primaryImageOfPage\":{\"@id\":\"https:\\\/\\\/www.pornomeile.net\\\/telefonsex\\\/#primaryimage\"},\"image\":{\"@id\":\"https:\\\/\\\/www.pornomeile.net\\\/telefonsex\\\/#primaryimage\"},\"thumbnailUrl\":\"https:\\\/\\\/www.pornomeile.net\\\/banner\\\/camtini.gif\",\"datePublished\":\"2019-03-23T09:13:44+00:00\",\"dateModified\":\"2025-02-28T16:33:44+00:00\",\"breadcrumb\":{\"@id\":\"https:\\\/\\\/www.pornomeile.net\\\/telefonsex\\\/#breadcrumb\"},\"inLanguage\":\"de\",\"potentialAction\":[{\"@type\":\"ReadAction\",\"target\":[\"https:\\\/\\\/www.pornomeile.net\\\/telefonsex\\\/\"]}]},{\"@type\":\"ImageObject\",\"inLanguage\":\"de\",\"@id\":\"https:\\\/\\\/www.pornomeile.net\\\/telefonsex\\\/#primaryimage\",\"url\":\"https:\\\/\\\/www.pornomeile.net\\\/banner\\\/camtini.gif\",\"contentUrl\":\"https:\\\/\\\/www.pornomeile.net\\\/banner\\\/camtini.gif\"},{\"@type\":\"BreadcrumbList\",\"@id\":\"https:\\\/\\\/www.pornomeile.net\\\/telefonsex\\\/#breadcrumb\",\"itemListElement\":[{\"@type\":\"ListItem\",\"position\":1,\"name\":\"Startseite\",\"item\":\"https:\\\/\\\/www.pornomeile.net\\\/telefonsex\\\/\"},{\"@type\":\"ListItem\",\"position\":2,\"name\":\"Telefonerotik f\u00fcr private Gespr\u00e4che mit &#038; ohne Gratis Cam\"}]},{\"@type\":\"WebSite\",\"@id\":\"https:\\\/\\\/www.pornomeile.net\\\/telefonsex\\\/#website\",\"url\":\"https:\\\/\\\/www.pornomeile.net\\\/telefonsex\\\/\",\"name\":\"Telefonsex\",\"description\":\"Bei Anruf direkt Telesex\",\"potentialAction\":[{\"@type\":\"SearchAction\",\"target\":{\"@type\":\"EntryPoint\",\"urlTemplate\":\"https:\\\/\\\/www.pornomeile.net\\\/telefonsex\\\/?s={search_term_string}\"},\"query-input\":{\"@type\":\"PropertyValueSpecification\",\"valueRequired\":true,\"valueName\":\"search_term_string\"}}],\"inLanguage\":\"de\"}]}<\/script>\n<!-- \/ Yoast SEO plugin. -->","yoast_head_json":{"title":"Telefonsex Girls | Telefon Sex Nummern auch mit gratis Livecam","robots":{"index":"index","follow":"follow","max-snippet":"max-snippet:-1","max-image-preview":"max-image-preview:large","max-video-preview":"max-video-preview:-1"},"canonical":"https:\/\/www.pornomeile.net\/telefonsex\/","og_locale":"de_DE","og_type":"article","og_title":"Telefonsex Girls | Telefon Sex Nummern auch mit gratis Livecam","og_description":"telefonsex-24.net Suche dir aus geilen Frauen genau deine Traumfrau aus, um mit ihr ungest\u00f6rt Telefonsex zu erleben. Ganz ohne Registrierung kannst du diese Girls jederzeit per Festnetz oder vom Handy&#8230;","og_url":"https:\/\/www.pornomeile.net\/telefonsex\/","og_site_name":"Telefonsex","article_modified_time":"2025-02-28T16:33:44+00:00","og_image":[{"url":"https:\/\/www.pornomeile.net\/banner\/camtini.gif","type":"","width":"","height":""}],"twitter_card":"summary_large_image","twitter_misc":{"Gesch\u00e4tzte Lesezeit":"12\u00a0Minuten"},"schema":{"@context":"https:\/\/schema.org","@graph":[{"@type":"WebPage","@id":"https:\/\/www.pornomeile.net\/telefonsex\/","url":"https:\/\/www.pornomeile.net\/telefonsex\/","name":"Telefonsex Girls | Telefon Sex Nummern auch mit gratis Livecam","isPartOf":{"@id":"https:\/\/www.pornomeile.net\/telefonsex\/#website"},"primaryImageOfPage":{"@id":"https:\/\/www.pornomeile.net\/telefonsex\/#primaryimage"},"image":{"@id":"https:\/\/www.pornomeile.net\/telefonsex\/#primaryimage"},"thumbnailUrl":"https:\/\/www.pornomeile.net\/banner\/camtini.gif","datePublished":"2019-03-23T09:13:44+00:00","dateModified":"2025-02-28T16:33:44+00:00","breadcrumb":{"@id":"https:\/\/www.pornomeile.net\/telefonsex\/#breadcrumb"},"inLanguage":"de","potentialAction":[{"@type":"ReadAction","target":["https:\/\/www.pornomeile.net\/telefonsex\/"]}]},{"@type":"ImageObject","inLanguage":"de","@id":"https:\/\/www.pornomeile.net\/telefonsex\/#primaryimage","url":"https:\/\/www.pornomeile.net\/banner\/camtini.gif","contentUrl":"https:\/\/www.pornomeile.net\/banner\/camtini.gif"},{"@type":"BreadcrumbList","@id":"https:\/\/www.pornomeile.net\/telefonsex\/#breadcrumb","itemListElement":[{"@type":"ListItem","position":1,"name":"Startseite","item":"https:\/\/www.pornomeile.net\/telefonsex\/"},{"@type":"ListItem","position":2,"name":"Telefonerotik f\u00fcr private Gespr\u00e4che mit &#038; ohne Gratis Cam"}]},{"@type":"WebSite","@id":"https:\/\/www.pornomeile.net\/telefonsex\/#website","url":"https:\/\/www.pornomeile.net\/telefonsex\/","name":"Telefonsex","description":"Bei Anruf direkt Telesex","potentialAction":[{"@type":"SearchAction","target":{"@type":"EntryPoint","urlTemplate":"https:\/\/www.pornomeile.net\/telefonsex\/?s={search_term_string}"},"query-input":{"@type":"PropertyValueSpecification","valueRequired":true,"valueName":"search_term_string"}}],"inLanguage":"de"}]}},"_links":{"self":[{"href":"https:\/\/www.pornomeile.net\/telefonsex\/wp-json\/wp\/v2\/pages\/5","targetHints":{"allow":["GET"]}}],"collection":[{"href":"https:\/\/www.pornomeile.net\/telefonsex\/wp-json\/wp\/v2\/pages"}],"about":[{"href":"https:\/\/www.pornomeile.net\/telefonsex\/wp-json\/wp\/v2\/types\/page"}],"author":[{"embeddable":true,"href":"https:\/\/www.pornomeile.net\/telefonsex\/wp-json\/wp\/v2\/users\/1"}],"replies":[{"embeddable":true,"href":"https:\/\/www.pornomeile.net\/telefonsex\/wp-json\/wp\/v2\/comments?post=5"}],"version-history":[{"count":35,"href":"https:\/\/www.pornomeile.net\/telefonsex\/wp-json\/wp\/v2\/pages\/5\/revisions"}],"predecessor-version":[{"id":84,"href":"https:\/\/www.pornomeile.net\/telefonsex\/wp-json\/wp\/v2\/pages\/5\/revisions\/84"}],"wp:attachment":[{"href":"https:\/\/www.pornomeile.net\/telefonsex\/wp-json\/wp\/v2\/media?parent=5"}],"curies":[{"name":"wp","href":"https:\/\/api.w.org\/{rel}","templated":true}]}}