{"id":5,"date":"2019-03-23T10:05:33","date_gmt":"2019-03-23T09:05:33","guid":{"rendered":"http:\/\/www.pornomeile.net\/sexchat\/?page_id=5"},"modified":"2025-08-09T14:12:27","modified_gmt":"2025-08-09T12:12:27","slug":"sexchat","status":"publish","type":"page","link":"https:\/\/www.pornomeile.net\/sexchat\/","title":{"rendered":"Top Sex-Chat Angebote mit freier Anmeldung &#038; Gutscheinen"},"content":{"rendered":"<p><a href=\"https:\/\/www.sexchat.click\/\" target=\"_blank\" rel=\"noopener noreferrer\">sexchat.click<\/a><br \/>\nEndlich mal eine Frau ganz f\u00fcr dich alleine zu haben, die alles tut, was du dir w\u00fcnschst. Genau das bekommst du hier im Sexchat &#8211; wann immer du willst und mit wem du es willst. Hier erh\u00e4ltst du sofort einen kostenlosen Zugang und kannst dir direkt eine geile Dame aussuchen, mit der du im geilen Cam zu Cam Sex Chat so richtig auf Tuchf\u00fchlung gehen kannst. Hier kannst du all deine Hemmungen und deine Scham direkt ablegen und deinen Pr\u00fcgel rausholen. Denn diese Chatgirls gew\u00e4hren dir nicht nur tiefe Einblicke in ihr Allerheiligstes &#8211; sie wichsen auf mit dir gemeinsam von H\u00f6hepunkt zu H\u00f6hepunkt. Ganz so, wie du es brauchst. Teile den Camgirls im Sexcam Chat deine W\u00fcnsche mit und leg los!<\/p>\n<p><a href=\"https:\/\/www.sexchat.sexy\/\" target=\"_blank\" rel=\"noopener noreferrer\">sexchat.sexy<\/a><br \/>\nWie der Name dieser Seite bereits vermuten l\u00e4sst, warten dort sexy Camgirls im privaten Sexchat auf dich. Geile HD Sexcams mit richtig s\u00fc\u00dfen Livegirls werden dir den Tag mit Livesex vers\u00fc\u00dfen. Neben dem kostenlosen Benutzerkonto bekommst du dort direkt 77 Freiminuten zum Testen des Sex Chats geschenkt! Ist das nicht geil? 77 Gratis-Minuten, einfach so &#8211; und du kannst direkt mit scharfen Frauen und Livestrip Girls chatten, flirten, gemeinsam wichsen oder bei einer Cam zu Cam Sitzung ganz private Informationen austauschen und eine Livecam Show genie\u00dfen, die genau auf deine Bed\u00fcrfnisse zugeschnitten ist. Denn im Sexchat bist du ja mit dem M\u00e4del ganz ungest\u00f6rt und kannst ihr immer mitteilen, was du gerne sehen magst. Nutze den 77 Minuten Sex Chat Gutschein und leg los.<\/p>\n<div class=\"mobileadtoo\"><a href=\"https:\/\/www.pornomeile.net\/aktuell\/cams\/\" target=\"_blank\" rel=\"nofollow noopener noreferrer\"><img loading=\"lazy\" decoding=\"async\" src=\"https:\/\/www.pornomeile.net\/banner\/camtini.gif\" width=\"350\" height=\"250\" alt=\"Amateur Cams\" \/><\/a><\/div>\n<p><a href=\"https:\/\/www.sexchatgratis.net\/\" target=\"_blank\" rel=\"noopener noreferrer\">sexchatgratis.net<\/a><br \/>\nDieses Portal bietet dir einen genialen Privatchat &#8211; mit dem kannst du direkt mit einem Amateurgirl per Sexchat plaudern, ohne dass euch jemand st\u00f6rt oder mitlesen kann. Lass dir von hei\u00dfen Frauen private Sexfotos schicken und hole dir mehrfach mit geilen Schlampen im Live Sex Chat einen runter! Kostenlos teilnehmen!<\/p>\n<p><a href=\"https:\/\/www.livesex-gutschein.com\/\" target=\"_blank\" rel=\"noopener noreferrer\">livesex-gutschein.com<\/a><br \/>\nHier wollen wir dir eine neue Sexchat Seite vorstellen, auf welcher hei\u00dfe Livesex Girls darauf warten, dir eine exklusive Darbietung zu zeigen. Was macht diese Live Sex Community mit Sex Chat so besonders? Ganz einfach &#8211; sobald du dich kostenlos f\u00fcr den Zugang angemeldet hast, kannst du einen Gutschein \u00fcber 50 kostenlose Chatminuten abrufen. Achte dabei aber auf den entsprechenden Hinweis, wenn du se Webseite betrittst. Denn nur, wenn du dich \u00fcber den Link mit den 50 Freiminuten anmeldest, bekommst du sie auch. Mehr geht wirklich nicht, denn bei den meisten anderen Camchat Portalen sind 5 bis 10 Minuten eher \u00fcblich. Wir jedoch bieten dir mehr, wie wir es versprochen haben. Du kannst dich also ganz unverbindlich registrieren und erst einmal die Freiminuten im Cam Sex Chat mit einem oder mehreren Camgirls verbraten. Wenn dir gef\u00e4llt, was du siehst, kannst du nat\u00fcrlich weitere Minuten ganz einfach erwerben. Jetzt kostenlos testen.<\/p>\n<p><a href=\"https:\/\/www.natursekt-chat.net\/\" target=\"_blank\" rel=\"noopener noreferrer\">natursekt-chat.net<\/a><br \/>\nChatte direkt ganz ungest\u00f6rt mit deutschsprachigen Natursekt Chat Girls aus Deutschland, der Schweiz und aus \u00d6sterreich. Hier warten versaute Natursekt-Liebhaberinnen wie Lara Cumkitten, Crazy Diamond, Rosella Extrem, lyn, devil sophie und viele weitere NS Chatgirls. Chatte privat mit ihnen zu Themen wie Pissspiele, Urin trinken, Sperma schlucken, Outdoor-Pissing und vielem mehr!<\/p>\n<p><a href=\"https:\/\/www.amateursexchat.net\/\" target=\"_blank\" rel=\"noopener noreferrer\">amateursexchat.net<\/a><br \/>\nFlirte und chatte privat und hemmungslos mit sexy Amateurgirls, wann immer dir danach ist. Rund um die Uhr kannst du hier echten Amateur Sex erfahren und dich mit geilen Frauen vergn\u00fcgen. Sie besorgen es sich heftig vor der Webcam und du kannst als Voyeur zuschauen. Du kannst aber auch den 1:1 Sexchat nutzen, um den Amateurladies mitzuteilen, was dich erregt und was du von ihnen erwartest. Denn erst dann wird Liveerotik f\u00fcr dich unvergesslich und die Show findet ganz nach deinen Vorgaben statt. Nat\u00fcrlich gibt es auch einen direkten Chat Messenger in dieser Community. Hier kannst du jederzeit mit Amateurinnen chatten und auch Videos und Bilder mit ihnen austauschen. Der Zugang zu diesem Amateursex Angebot ist nat\u00fcrlich auch kostenlos m\u00f6glich.<\/p>\n<p><a href=\"https:\/\/www.nacktchats.com\/\" target=\"_blank\" rel=\"noopener noreferrer\">nacktchats.com<\/a><br \/>\nBei nackte Frauen live Chat kannst du dich von notgeilen Amateuren verf\u00fchren lassen und mit ihnen einen Nacktchat ausprobieren. Erlebe hemmungsloses nackt chatten mit Frauen, die dir ihre intimsten Seiten zeigen. In den versauten Sexchats erwarten dich private Shows, bei denen du geil wichsen kannst, w\u00e4hrend die Ladies sich f\u00fcr dich ausziehen. Probiere den gratis Sexchat ohne Anmeldung und \u00fcberzeuge dich selbst von den hei\u00dfen Action-Shows. Die tabulosen Girls erf\u00fcllen dir jeden Wunsch und zeigen dir ungeniert ihre feuchten Fotzlappen. Hier findest du rund um die Uhr scharfe Amateur-Frauen, die es kaum erwarten k\u00f6nnen, sich vor dir zu pr\u00e4sentieren.<\/p>\n<p><a href=\"https:\/\/www.sexcam1000.com\/sexchat-kostenlos\/\" target=\"_blank\" rel=\"noopener noreferrer\">sexcam1000.com\/sexchat-kostenlos\/<\/a><br \/>\nSo ein kostenloser Sexchat mit deutschen Amateuren ist doch sicher genau das, was du hier suchst oder? Wie w\u00e4re es denn mit einem kostenlosen Zugang in Deutschlands gr\u00f6\u00dfte Amateurcommunity? Auf dieser Webseite findest du alle Informationen zu diesem Thema. In der Community gibt es den beliebten Sex Chat Messenger. Mit diesem Chat kannst du ganz privat mit Amateurgirls chatten, mit ihnen Videos und Fotos austauschen, dich mit ihnen zu Cam2Cam Sex verabreden oder zu erotischen Sextreffen. T\u00e4glich chatten tausende Frauen \u00fcber diesen Amateur Sexchat &#8211; und das solltest du dir nicht entgehen lassen, du kannst ihn n\u00e4mlich hier kostenlos testen!<\/p>\n<div class=\"mobilead\"><a href=\"https:\/\/www.pornomeile.net\/aktuell\/sexchat\/\" target=\"_blank\" rel=\"nofollow noopener noreferrer\"><img decoding=\"async\" src=\"\/banner\/sexchat-300x250.gif\" alt=\"Sexchat mit Girls\" \/><\/a><\/div>\n<p><a href=\"https:\/\/www.video-sexchat.xyz\/\" target=\"_blank\" rel=\"noopener noreferrer\">video-sexchat.xyz<\/a><br \/>\nDu kennst schon die gesch\u00e4ftlichen Video Chats von deiner Arbeit oder aus dem Homeoffice aber hast du schon einmal einen erotischen Video Sexchat mit einer hei\u00dfen Unbekannten gehabt? Wie w\u00e4re es wenn man sich online mit sch\u00f6nen Frauen treffen k\u00f6nnte zu einem ungezwungenen Chat bei dem die Aussicht auf ein bisschen Spa\u00df besteht? Ein geiler Gedanke, nicht wahr! Auf diesem Portal kannst du das ganze gratis ausprobieren! Deutscher Sex Chat kostenlos mit Cam2Cam bei dem du dir eine hei\u00dfe Lady aus deiner Umgebung aussuchen kannst. Das macht garantiert mehr Laune als diese trockenen Video Konferenzen mit viel BlaBla. Mit der cam2cam Webcam Funktion kannst du den Video Sexchat auch auf deinem Handy genie\u00dfen und Frauen kennenlernen. Probiere es heute noch kostenlos aus!<\/p>\n","protected":false},"excerpt":{"rendered":"<p>sexchat.click Endlich mal eine Frau ganz f\u00fcr dich alleine zu haben, die alles tut, was du dir w\u00fcnschst. Genau das bekommst du hier im Sexchat &#8211; wann immer du willst&#8230;<\/p>\n<div class=\"more-link-wrapper\"><a class=\"more-link\" href=\"https:\/\/www.pornomeile.net\/sexchat\/\">Weiterlesen<span class=\"screen-reader-text\">Top Sex-Chat Angebote mit freier Anmeldung &#038; Gutscheinen<\/span><\/a><\/div>\n","protected":false},"author":1,"featured_media":0,"parent":0,"menu_order":0,"comment_status":"closed","ping_status":"closed","template":"","meta":{"footnotes":""},"class_list":["post-5","page","type-page","status-publish","hentry","excerpt"],"yoast_head":"<!-- This site is optimized with the Yoast SEO plugin v27.5 - https:\/\/yoast.com\/product\/yoast-seo-wordpress\/ -->\n<title>Sexchat gratis | Cam 2 Cam Sex Chat Seiten<\/title>\n<meta name=\"robots\" content=\"index, follow, max-snippet:-1, max-image-preview:large, max-video-preview:-1\" \/>\n<link rel=\"canonical\" href=\"https:\/\/www.pornomeile.net\/sexchat\/\" \/>\n<meta property=\"og:locale\" content=\"de_DE\" \/>\n<meta property=\"og:type\" content=\"article\" \/>\n<meta property=\"og:title\" content=\"Sexchat gratis | Cam 2 Cam Sex Chat Seiten\" \/>\n<meta property=\"og:description\" content=\"sexchat.click Endlich mal eine Frau ganz f\u00fcr dich alleine zu haben, die alles tut, was du dir w\u00fcnschst. Genau das bekommst du hier im Sexchat &#8211; wann immer du willst&#8230;\" \/>\n<meta property=\"og:url\" content=\"https:\/\/www.pornomeile.net\/sexchat\/\" \/>\n<meta property=\"og:site_name\" content=\"Sexchat\" \/>\n<meta property=\"article:modified_time\" content=\"2025-08-09T12:12:27+00:00\" \/>\n<meta property=\"og:image\" content=\"https:\/\/www.pornomeile.net\/banner\/camtini.gif\" \/>\n<meta name=\"twitter:card\" content=\"summary_large_image\" \/>\n<meta name=\"twitter:label1\" content=\"Gesch\u00e4tzte Lesezeit\" \/>\n\t<meta name=\"twitter:data1\" content=\"7\u00a0Minuten\" \/>\n<script type=\"application\/ld+json\" class=\"yoast-schema-graph\">{\"@context\":\"https:\\\/\\\/schema.org\",\"@graph\":[{\"@type\":\"WebPage\",\"@id\":\"https:\\\/\\\/www.pornomeile.net\\\/sexchat\\\/\",\"url\":\"https:\\\/\\\/www.pornomeile.net\\\/sexchat\\\/\",\"name\":\"Sexchat gratis | Cam 2 Cam Sex Chat Seiten\",\"isPartOf\":{\"@id\":\"https:\\\/\\\/www.pornomeile.net\\\/sexchat\\\/#website\"},\"primaryImageOfPage\":{\"@id\":\"https:\\\/\\\/www.pornomeile.net\\\/sexchat\\\/#primaryimage\"},\"image\":{\"@id\":\"https:\\\/\\\/www.pornomeile.net\\\/sexchat\\\/#primaryimage\"},\"thumbnailUrl\":\"https:\\\/\\\/www.pornomeile.net\\\/banner\\\/camtini.gif\",\"datePublished\":\"2019-03-23T09:05:33+00:00\",\"dateModified\":\"2025-08-09T12:12:27+00:00\",\"breadcrumb\":{\"@id\":\"https:\\\/\\\/www.pornomeile.net\\\/sexchat\\\/#breadcrumb\"},\"inLanguage\":\"de\",\"potentialAction\":[{\"@type\":\"ReadAction\",\"target\":[\"https:\\\/\\\/www.pornomeile.net\\\/sexchat\\\/\"]}]},{\"@type\":\"ImageObject\",\"inLanguage\":\"de\",\"@id\":\"https:\\\/\\\/www.pornomeile.net\\\/sexchat\\\/#primaryimage\",\"url\":\"https:\\\/\\\/www.pornomeile.net\\\/banner\\\/camtini.gif\",\"contentUrl\":\"https:\\\/\\\/www.pornomeile.net\\\/banner\\\/camtini.gif\"},{\"@type\":\"BreadcrumbList\",\"@id\":\"https:\\\/\\\/www.pornomeile.net\\\/sexchat\\\/#breadcrumb\",\"itemListElement\":[{\"@type\":\"ListItem\",\"position\":1,\"name\":\"Startseite\",\"item\":\"https:\\\/\\\/www.pornomeile.net\\\/sexchat\\\/\"},{\"@type\":\"ListItem\",\"position\":2,\"name\":\"Top Sex-Chat Angebote mit freier Anmeldung &#038; Gutscheinen\"}]},{\"@type\":\"WebSite\",\"@id\":\"https:\\\/\\\/www.pornomeile.net\\\/sexchat\\\/#website\",\"url\":\"https:\\\/\\\/www.pornomeile.net\\\/sexchat\\\/\",\"name\":\"Sexchat\",\"description\":\"Live mit scharfen Frauen chatten\",\"potentialAction\":[{\"@type\":\"SearchAction\",\"target\":{\"@type\":\"EntryPoint\",\"urlTemplate\":\"https:\\\/\\\/www.pornomeile.net\\\/sexchat\\\/?s={search_term_string}\"},\"query-input\":{\"@type\":\"PropertyValueSpecification\",\"valueRequired\":true,\"valueName\":\"search_term_string\"}}],\"inLanguage\":\"de\"}]}<\/script>\n<!-- \/ Yoast SEO plugin. -->","yoast_head_json":{"title":"Sexchat gratis | Cam 2 Cam Sex Chat Seiten","robots":{"index":"index","follow":"follow","max-snippet":"max-snippet:-1","max-image-preview":"max-image-preview:large","max-video-preview":"max-video-preview:-1"},"canonical":"https:\/\/www.pornomeile.net\/sexchat\/","og_locale":"de_DE","og_type":"article","og_title":"Sexchat gratis | Cam 2 Cam Sex Chat Seiten","og_description":"sexchat.click Endlich mal eine Frau ganz f\u00fcr dich alleine zu haben, die alles tut, was du dir w\u00fcnschst. Genau das bekommst du hier im Sexchat &#8211; wann immer du willst&#8230;","og_url":"https:\/\/www.pornomeile.net\/sexchat\/","og_site_name":"Sexchat","article_modified_time":"2025-08-09T12:12:27+00:00","og_image":[{"url":"https:\/\/www.pornomeile.net\/banner\/camtini.gif","type":"","width":"","height":""}],"twitter_card":"summary_large_image","twitter_misc":{"Gesch\u00e4tzte Lesezeit":"7\u00a0Minuten"},"schema":{"@context":"https:\/\/schema.org","@graph":[{"@type":"WebPage","@id":"https:\/\/www.pornomeile.net\/sexchat\/","url":"https:\/\/www.pornomeile.net\/sexchat\/","name":"Sexchat gratis | Cam 2 Cam Sex Chat Seiten","isPartOf":{"@id":"https:\/\/www.pornomeile.net\/sexchat\/#website"},"primaryImageOfPage":{"@id":"https:\/\/www.pornomeile.net\/sexchat\/#primaryimage"},"image":{"@id":"https:\/\/www.pornomeile.net\/sexchat\/#primaryimage"},"thumbnailUrl":"https:\/\/www.pornomeile.net\/banner\/camtini.gif","datePublished":"2019-03-23T09:05:33+00:00","dateModified":"2025-08-09T12:12:27+00:00","breadcrumb":{"@id":"https:\/\/www.pornomeile.net\/sexchat\/#breadcrumb"},"inLanguage":"de","potentialAction":[{"@type":"ReadAction","target":["https:\/\/www.pornomeile.net\/sexchat\/"]}]},{"@type":"ImageObject","inLanguage":"de","@id":"https:\/\/www.pornomeile.net\/sexchat\/#primaryimage","url":"https:\/\/www.pornomeile.net\/banner\/camtini.gif","contentUrl":"https:\/\/www.pornomeile.net\/banner\/camtini.gif"},{"@type":"BreadcrumbList","@id":"https:\/\/www.pornomeile.net\/sexchat\/#breadcrumb","itemListElement":[{"@type":"ListItem","position":1,"name":"Startseite","item":"https:\/\/www.pornomeile.net\/sexchat\/"},{"@type":"ListItem","position":2,"name":"Top Sex-Chat Angebote mit freier Anmeldung &#038; Gutscheinen"}]},{"@type":"WebSite","@id":"https:\/\/www.pornomeile.net\/sexchat\/#website","url":"https:\/\/www.pornomeile.net\/sexchat\/","name":"Sexchat","description":"Live mit scharfen Frauen chatten","potentialAction":[{"@type":"SearchAction","target":{"@type":"EntryPoint","urlTemplate":"https:\/\/www.pornomeile.net\/sexchat\/?s={search_term_string}"},"query-input":{"@type":"PropertyValueSpecification","valueRequired":true,"valueName":"search_term_string"}}],"inLanguage":"de"}]}},"_links":{"self":[{"href":"https:\/\/www.pornomeile.net\/sexchat\/wp-json\/wp\/v2\/pages\/5","targetHints":{"allow":["GET"]}}],"collection":[{"href":"https:\/\/www.pornomeile.net\/sexchat\/wp-json\/wp\/v2\/pages"}],"about":[{"href":"https:\/\/www.pornomeile.net\/sexchat\/wp-json\/wp\/v2\/types\/page"}],"author":[{"embeddable":true,"href":"https:\/\/www.pornomeile.net\/sexchat\/wp-json\/wp\/v2\/users\/1"}],"replies":[{"embeddable":true,"href":"https:\/\/www.pornomeile.net\/sexchat\/wp-json\/wp\/v2\/comments?post=5"}],"version-history":[{"count":20,"href":"https:\/\/www.pornomeile.net\/sexchat\/wp-json\/wp\/v2\/pages\/5\/revisions"}],"predecessor-version":[{"id":59,"href":"https:\/\/www.pornomeile.net\/sexchat\/wp-json\/wp\/v2\/pages\/5\/revisions\/59"}],"wp:attachment":[{"href":"https:\/\/www.pornomeile.net\/sexchat\/wp-json\/wp\/v2\/media?parent=5"}],"curies":[{"name":"wp","href":"https:\/\/api.w.org\/{rel}","templated":true}]}}