{"id":5,"date":"2019-03-23T09:47:33","date_gmt":"2019-03-23T08:47:33","guid":{"rendered":"http:\/\/www.pornomeile.net\/hardcore-sex\/?page_id=5"},"modified":"2025-05-04T12:39:47","modified_gmt":"2025-05-04T10:39:47","slug":"hardcore-sex","status":"publish","type":"page","link":"https:\/\/www.pornomeile.net\/hardcore-sex\/","title":{"rendered":"Hardcorevideos und Pornocommunities mit kostenlosem Eintritt"},"content":{"rendered":"<p><a href=\"https:\/\/www.sexcommunity.click\/\" target=\"_blank\" rel=\"noopener noreferrer\">sexcommunity.click<\/a><br \/>\nTeil dieser einzigartigen und sehr beliebten deutschen Sexcommunity zu sein, bringt viele Vorteile! Nach der kostenlosen Teilnahme kannst du auf private Hardcore Amateurpornos zugreifen. Au\u00dferdem kannst du den internen Sex Messenger (1:1 Sexchat) nutzen, um direkt mit Frauen und Amateur Pornostars in Kontakt zu treten. Au\u00dferdem warten in der Sex Community private Sexcams hei\u00dfer Camgirls auf dich. Die vielf\u00e4ltigen Kontaktm\u00f6glichkeiten bieten dir auch die Chance, private Sextreffen zu verabreden. Probiere es doch mal aus!<\/p>\n<p><a href=\"https:\/\/www.erotik-community.net\/\" target=\"_blank\" rel=\"noopener noreferrer\">erotik-community.net<\/a><br \/>\nEndlich gibt es eine deutschsprachige Hardcore Erotik Community, die einfach alles zu bieten hat, was du dir w\u00fcnschen kannst. Auf diesem Erotikportal kannst du kostenlos Mitglied werden und die gro\u00dfe Welt der Vollerotik direkt unzensiert nutzen. Neben tausenden geiler Amateur Hardcore Porno Videos kannst du hier auch mit den Darstellerinnen chatten &#8211; z.B. um ein Sextreffen oder einen Userfick zu verabreden, bei dem du mit dem Amateurgirl einen Pornofilm drehen wirst. Nutze den privaten Chat und die Livecams der Damen. Viel Spa\u00df!<\/p>\n<div class=\"mobileadtoo\"><a href=\"https:\/\/www.pornomeile.net\/aktuell\/amateursex\/\" target=\"_blank\" rel=\"nofollow noopener noreferrer\"><img loading=\"lazy\" decoding=\"async\" src=\"https:\/\/www.pornomeile.net\/banner\/comm4.gif\" width=\"350\" height=\"250\" alt=\"Community f\u00fcr Sex besuchen\" \/><\/a><\/div>\n<p><a href=\"https:\/\/geile-muschi.com\/\" target=\"_blank\" rel=\"noopener noreferrer\">geile-muschi.com<\/a><br \/>\nExtrem geile und feuchte Muschis in Hardcore-Sexbildern kannst du dir auf dieser hei\u00dfen Seite anschauen. Du m\u00f6chtest mit den Frauen, denen diese nassen und geilen Spalten geh\u00f6ren auch chatten oder sie f\u00fcr ein Sextreffen gewinnen? Dann hat diese Webseite genau die richtigen Adressen f\u00fcr dich Du kannst hier Hardcoresex in allen m\u00f6glichen Formen genie\u00dfen. Schau dir auch die geilen harten Amateurpornos an, die du dort findest und spritze gemeinsam mit den geilen Weibern auf ihre Muschi ab.<\/p>\n<p><a href=\"https:\/\/www.amateurpornos24.net\/\" target=\"_blank\" rel=\"noopener noreferrer\">amateurpornos24.net<\/a><br \/>\nJetzt ist es soweit &#8211; du kannst dich mit hei\u00dfen Amateur Porno Darstellerinnen zu so genannten Userfick Treffen verabreden und mit ihnen Sex haben. Stell dir das mal vor &#8211; du schaust dir ein Amateurporno in der Community an und hast pl\u00f6tzlich richtig Bock, die geile Schnitte im Sexvideo selbst zu vernaschen. Dann mach das doch! Denn hier auf Amateurpornos24 kannst du die Girls direkt anschreiben oder mit ihnen chatten, um die mit ihnen zu verabreden. Nat\u00fcrlich kannst du auch jeden Tag Hardcore Pornofilme der Amateurgirls in geilem HD anschauen. Probiere es jetzt einfach gratis aus.<\/p>\n<div class=\"mobilead\"><a href=\"https:\/\/www.pornomeile.net\/aktuell\/community\/\" target=\"_blank\" rel=\"nofollow noopener noreferrer\"><img decoding=\"async\" src=\"\/banner\/community-sex-300x250.gif\" alt=\"Sex Community\" \/><\/a><\/div>\n<p><a href=\"https:\/\/www.porno-community.com\/\" target=\"_blank\" rel=\"noopener noreferrer\">porno-community.com<\/a><br \/>\nWillst du mal wieder so richtig geil auf nat\u00fcrliche Frauen in deutschen Pornos abspritzen? Worauf wartest du &#8211; hier ist sie, die deutsche Porno Community mit kostenfreier Mitgliedschaft. Besuche das Pornoportal und du wirst sehen, was dich erwartet, wenn du dort als Mitglied reinschauen darfst. Denn im \u00f6ffentlichen Bereich ist alles zensiert. Wenn du die Pornocommunity aber als Mitglied betrittst, kannst du alle geilen Pornofilme in HD unzensiert anschauen und sie in deinem Nutzerprofil speichern. Auch kannst du ganz genau nach bestimmten Szenen und Genres suchen. Du findest dort z.B. Amateurpornos, Filme mit geilen Milfs und Hausfrauen, Omapornos und viele weitere Themen. Bereite dich darauf vor, heftig zu wichsen mit richtig guten deutschen Pornofilmen und vielen weiteren Features wie Cams oder dem privaten Chat mit dem du die Darstellerinnen sogar direkt anschreiben kannst. Schau mal vorbei und lege dir einen Gratis-Account an.<\/p>\n<p><a href=\"https:\/\/hardcore-sexor.net\/\" target=\"_blank\" rel=\"noopener noreferrer\">hardcore-sexor.net<\/a><br \/>\nDu willst den geilen Hardcore auf hochaufl\u00f6senden Bildern und geilen Amateur Sex Videos, und zwar von echten deutschen Amateuren und nichts anderes?! Wir haben sie f\u00fcr dich alle auf einer Seite zusammengef\u00fchrt. Nur die besten deutschen Amateur P\u00e4rchen, Pornodarsteller und Sexcam Sender die dir zur Verf\u00fcgung stehen. Du kannst dir ihre Hardcore Sexpornos online anschauen oder sie direkt live vor ihren Cams treffen oder ihnen sogar private Nachrichten zukommen lassen. Das ist Hardcore Sex Spa\u00df der modernen Art.<\/p>\n<h2>Hardcore Sex Bilder und Videos geiler Frauen<\/h2>\n<p>Wenn scharfe Frauen in den besten Hardcore Videos deutscher Tubes ficken wirst du schnell sehen wie stramm dein St\u00e4nder erst wird wenn, du so hei\u00dfe Girls beim Schwanz blasen und bumsen zuschauen kannst. Ob schlanke Frauen oder pummelige, junge Frauen &#8211; wenn es um geile Hardcore Sex Bilder geht gibt es kein Halten mehr. Diese Videos hast du garantiert noch nicht im Internet gesehen. Diese gibt es n\u00e4mlich nicht \u00fcberall umsonst zu sehen. Du findest hier wirklich echte deutsche Amateure von nebenan die auf geilen Amateur Pornos sch\u00f6n Hardcore-Ficken. Alle m\u00f6glichen Nischen und Vorlieben werden hier auf Pornos-Videos ausgelebt und geil zelebriert. Komm vorbei f\u00fcr die geilsten Fickfilme aller Zeiten. Echte fette Traumfrauen und sexy Telefonsex Girls warten auf Dich. Die molligen Girls lassen sich beim Telefonsex belauschen und lassen ihrer geilen Fantasie hemmungslos freien Lauf. So etwas hast Du noch nie erlebt. Diese Telefonsex Fetten kennen keine Zur\u00fcckhaltung und machen beim Sex am Telefon einfach alles mit.<\/p>\n<div class=\"mobileadtoo\"><a href=\"https:\/\/www.pornomeile.net\/aktuell\/community\/\" target=\"_blank\" rel=\"nofollow noopener noreferrer\"><img loading=\"lazy\" decoding=\"async\" src=\"https:\/\/www.pornomeile.net\/banner\/blink.gif\" width=\"350\" height=\"250\" alt=\"zur Amateurcommunity\" \/><\/a><\/div>\n<p>Lust auf ein paar geile Hardcore Videos und ihr scharfe Nutten beim ficken sehen k\u00f6nnt. Tabulose Schlampen die in unzensierten Hardcore Sex Filmen auch den letzten Rest Sperma aus den Eiern saugen. Hier findest die besten Links zu Hardcore Porno Videos aus deutscher Produktion. Dazu immer geile Vorschaubilder der hei\u00dfen Girls. Schaue dir sinnliche Hardcore Bilder an von sexy Muschis an. Vollbusige Weiber mit engen M\u00f6sen suchen tabulosen Sex. Und haben die perfekt gebauten Frauen keine Fickpartner fingern sie sich ihre Muschi selber. Schaue dir hier die besten Bilder von perfekten Muschis an.<\/p>\n","protected":false},"excerpt":{"rendered":"<p>sexcommunity.click Teil dieser einzigartigen und sehr beliebten deutschen Sexcommunity zu sein, bringt viele Vorteile! Nach der kostenlosen Teilnahme kannst du auf private Hardcore Amateurpornos zugreifen. Au\u00dferdem kannst du den internen&#8230;<\/p>\n<div class=\"more-link-wrapper\"><a class=\"more-link\" href=\"https:\/\/www.pornomeile.net\/hardcore-sex\/\">Weiterlesen<span class=\"screen-reader-text\">Hardcorevideos und Pornocommunities mit kostenlosem Eintritt<\/span><\/a><\/div>\n","protected":false},"author":1,"featured_media":0,"parent":0,"menu_order":0,"comment_status":"closed","ping_status":"closed","template":"","meta":{"footnotes":""},"class_list":["post-5","page","type-page","status-publish","hentry","excerpt"],"yoast_head":"<!-- This site is optimized with the Yoast SEO plugin v27.4 - https:\/\/yoast.com\/product\/yoast-seo-wordpress\/ -->\n<title>Hardcore Sex | Pornogirls beim Ficken kostenlos zuschauen<\/title>\n<meta name=\"robots\" content=\"index, follow, max-snippet:-1, max-image-preview:large, max-video-preview:-1\" \/>\n<link rel=\"canonical\" href=\"https:\/\/www.pornomeile.net\/hardcore-sex\/\" \/>\n<meta property=\"og:locale\" content=\"de_DE\" \/>\n<meta property=\"og:type\" content=\"article\" \/>\n<meta property=\"og:title\" content=\"Hardcore Sex | Pornogirls beim Ficken kostenlos zuschauen\" \/>\n<meta property=\"og:description\" content=\"sexcommunity.click Teil dieser einzigartigen und sehr beliebten deutschen Sexcommunity zu sein, bringt viele Vorteile! Nach der kostenlosen Teilnahme kannst du auf private Hardcore Amateurpornos zugreifen. Au\u00dferdem kannst du den internen&#8230;\" \/>\n<meta property=\"og:url\" content=\"https:\/\/www.pornomeile.net\/hardcore-sex\/\" \/>\n<meta property=\"og:site_name\" content=\"Hardcore Sex\" \/>\n<meta property=\"article:modified_time\" content=\"2025-05-04T10:39:47+00:00\" \/>\n<meta property=\"og:image\" content=\"https:\/\/www.pornomeile.net\/banner\/comm4.gif\" \/>\n<meta name=\"twitter:card\" content=\"summary_large_image\" \/>\n<meta name=\"twitter:label1\" content=\"Gesch\u00e4tzte Lesezeit\" \/>\n\t<meta name=\"twitter:data1\" content=\"5\u00a0Minuten\" \/>\n<script type=\"application\/ld+json\" class=\"yoast-schema-graph\">{\"@context\":\"https:\\\/\\\/schema.org\",\"@graph\":[{\"@type\":\"WebPage\",\"@id\":\"https:\\\/\\\/www.pornomeile.net\\\/hardcore-sex\\\/\",\"url\":\"https:\\\/\\\/www.pornomeile.net\\\/hardcore-sex\\\/\",\"name\":\"Hardcore Sex | Pornogirls beim Ficken kostenlos zuschauen\",\"isPartOf\":{\"@id\":\"https:\\\/\\\/www.pornomeile.net\\\/hardcore-sex\\\/#website\"},\"primaryImageOfPage\":{\"@id\":\"https:\\\/\\\/www.pornomeile.net\\\/hardcore-sex\\\/#primaryimage\"},\"image\":{\"@id\":\"https:\\\/\\\/www.pornomeile.net\\\/hardcore-sex\\\/#primaryimage\"},\"thumbnailUrl\":\"https:\\\/\\\/www.pornomeile.net\\\/banner\\\/comm4.gif\",\"datePublished\":\"2019-03-23T08:47:33+00:00\",\"dateModified\":\"2025-05-04T10:39:47+00:00\",\"breadcrumb\":{\"@id\":\"https:\\\/\\\/www.pornomeile.net\\\/hardcore-sex\\\/#breadcrumb\"},\"inLanguage\":\"de\",\"potentialAction\":[{\"@type\":\"ReadAction\",\"target\":[\"https:\\\/\\\/www.pornomeile.net\\\/hardcore-sex\\\/\"]}]},{\"@type\":\"ImageObject\",\"inLanguage\":\"de\",\"@id\":\"https:\\\/\\\/www.pornomeile.net\\\/hardcore-sex\\\/#primaryimage\",\"url\":\"https:\\\/\\\/www.pornomeile.net\\\/banner\\\/comm4.gif\",\"contentUrl\":\"https:\\\/\\\/www.pornomeile.net\\\/banner\\\/comm4.gif\"},{\"@type\":\"BreadcrumbList\",\"@id\":\"https:\\\/\\\/www.pornomeile.net\\\/hardcore-sex\\\/#breadcrumb\",\"itemListElement\":[{\"@type\":\"ListItem\",\"position\":1,\"name\":\"Startseite\",\"item\":\"https:\\\/\\\/www.pornomeile.net\\\/hardcore-sex\\\/\"},{\"@type\":\"ListItem\",\"position\":2,\"name\":\"Hardcorevideos und Pornocommunities mit kostenlosem Eintritt\"}]},{\"@type\":\"WebSite\",\"@id\":\"https:\\\/\\\/www.pornomeile.net\\\/hardcore-sex\\\/#website\",\"url\":\"https:\\\/\\\/www.pornomeile.net\\\/hardcore-sex\\\/\",\"name\":\"Hardcore Sex\",\"description\":\"Harte Pornos in HD schauen\",\"potentialAction\":[{\"@type\":\"SearchAction\",\"target\":{\"@type\":\"EntryPoint\",\"urlTemplate\":\"https:\\\/\\\/www.pornomeile.net\\\/hardcore-sex\\\/?s={search_term_string}\"},\"query-input\":{\"@type\":\"PropertyValueSpecification\",\"valueRequired\":true,\"valueName\":\"search_term_string\"}}],\"inLanguage\":\"de\"}]}<\/script>\n<!-- \/ Yoast SEO plugin. -->","yoast_head_json":{"title":"Hardcore Sex | Pornogirls beim Ficken kostenlos zuschauen","robots":{"index":"index","follow":"follow","max-snippet":"max-snippet:-1","max-image-preview":"max-image-preview:large","max-video-preview":"max-video-preview:-1"},"canonical":"https:\/\/www.pornomeile.net\/hardcore-sex\/","og_locale":"de_DE","og_type":"article","og_title":"Hardcore Sex | Pornogirls beim Ficken kostenlos zuschauen","og_description":"sexcommunity.click Teil dieser einzigartigen und sehr beliebten deutschen Sexcommunity zu sein, bringt viele Vorteile! Nach der kostenlosen Teilnahme kannst du auf private Hardcore Amateurpornos zugreifen. Au\u00dferdem kannst du den internen&#8230;","og_url":"https:\/\/www.pornomeile.net\/hardcore-sex\/","og_site_name":"Hardcore Sex","article_modified_time":"2025-05-04T10:39:47+00:00","og_image":[{"url":"https:\/\/www.pornomeile.net\/banner\/comm4.gif","type":"","width":"","height":""}],"twitter_card":"summary_large_image","twitter_misc":{"Gesch\u00e4tzte Lesezeit":"5\u00a0Minuten"},"schema":{"@context":"https:\/\/schema.org","@graph":[{"@type":"WebPage","@id":"https:\/\/www.pornomeile.net\/hardcore-sex\/","url":"https:\/\/www.pornomeile.net\/hardcore-sex\/","name":"Hardcore Sex | Pornogirls beim Ficken kostenlos zuschauen","isPartOf":{"@id":"https:\/\/www.pornomeile.net\/hardcore-sex\/#website"},"primaryImageOfPage":{"@id":"https:\/\/www.pornomeile.net\/hardcore-sex\/#primaryimage"},"image":{"@id":"https:\/\/www.pornomeile.net\/hardcore-sex\/#primaryimage"},"thumbnailUrl":"https:\/\/www.pornomeile.net\/banner\/comm4.gif","datePublished":"2019-03-23T08:47:33+00:00","dateModified":"2025-05-04T10:39:47+00:00","breadcrumb":{"@id":"https:\/\/www.pornomeile.net\/hardcore-sex\/#breadcrumb"},"inLanguage":"de","potentialAction":[{"@type":"ReadAction","target":["https:\/\/www.pornomeile.net\/hardcore-sex\/"]}]},{"@type":"ImageObject","inLanguage":"de","@id":"https:\/\/www.pornomeile.net\/hardcore-sex\/#primaryimage","url":"https:\/\/www.pornomeile.net\/banner\/comm4.gif","contentUrl":"https:\/\/www.pornomeile.net\/banner\/comm4.gif"},{"@type":"BreadcrumbList","@id":"https:\/\/www.pornomeile.net\/hardcore-sex\/#breadcrumb","itemListElement":[{"@type":"ListItem","position":1,"name":"Startseite","item":"https:\/\/www.pornomeile.net\/hardcore-sex\/"},{"@type":"ListItem","position":2,"name":"Hardcorevideos und Pornocommunities mit kostenlosem Eintritt"}]},{"@type":"WebSite","@id":"https:\/\/www.pornomeile.net\/hardcore-sex\/#website","url":"https:\/\/www.pornomeile.net\/hardcore-sex\/","name":"Hardcore Sex","description":"Harte Pornos in HD schauen","potentialAction":[{"@type":"SearchAction","target":{"@type":"EntryPoint","urlTemplate":"https:\/\/www.pornomeile.net\/hardcore-sex\/?s={search_term_string}"},"query-input":{"@type":"PropertyValueSpecification","valueRequired":true,"valueName":"search_term_string"}}],"inLanguage":"de"}]}},"_links":{"self":[{"href":"https:\/\/www.pornomeile.net\/hardcore-sex\/wp-json\/wp\/v2\/pages\/5","targetHints":{"allow":["GET"]}}],"collection":[{"href":"https:\/\/www.pornomeile.net\/hardcore-sex\/wp-json\/wp\/v2\/pages"}],"about":[{"href":"https:\/\/www.pornomeile.net\/hardcore-sex\/wp-json\/wp\/v2\/types\/page"}],"author":[{"embeddable":true,"href":"https:\/\/www.pornomeile.net\/hardcore-sex\/wp-json\/wp\/v2\/users\/1"}],"replies":[{"embeddable":true,"href":"https:\/\/www.pornomeile.net\/hardcore-sex\/wp-json\/wp\/v2\/comments?post=5"}],"version-history":[{"count":36,"href":"https:\/\/www.pornomeile.net\/hardcore-sex\/wp-json\/wp\/v2\/pages\/5\/revisions"}],"predecessor-version":[{"id":80,"href":"https:\/\/www.pornomeile.net\/hardcore-sex\/wp-json\/wp\/v2\/pages\/5\/revisions\/80"}],"wp:attachment":[{"href":"https:\/\/www.pornomeile.net\/hardcore-sex\/wp-json\/wp\/v2\/media?parent=5"}],"curies":[{"name":"wp","href":"https:\/\/api.w.org\/{rel}","templated":true}]}}