{"id":4,"date":"2019-03-22T20:57:43","date_gmt":"2019-03-22T19:57:43","guid":{"rendered":"http:\/\/www.pornomeile.net\/anal-sex\/?page_id=4"},"modified":"2023-06-08T10:29:57","modified_gmt":"2023-06-08T08:29:57","slug":"anal-sex","status":"publish","type":"page","link":"https:\/\/www.pornomeile.net\/anal-sex\/","title":{"rendered":"Analporno Webseiten und Arschfick bis die Rosette brennt"},"content":{"rendered":"<p><a href=\"https:\/\/www.reife-frauen-pornos.net\/anal-omasex\/\" target=\"_blank\" rel=\"noopener noreferrer\">reife-frauen-pornos.net\/anal-omasex\/<\/a><br \/>\nRichtig dreckige und versaute deutsche Omas stehen total auf Analsex und lassen sich heftig in den Arsch ficken, w\u00e4hrend sie gefilmt werden. Besuche diese geile Sammlung perverser Omasex Videos zum Thema Analsex. Dort kannst du dich gratis anmelden und hast direkt Zugang zur riesigen Datenbank mit Pornofilmen geiler Omis aber auch vieler weiterer Amateure aus der ganzen Welt. Diese alten Weiber stehen drauf, wenn man ihnen die faltige Rosette mit der Zunge ausschleckt und seine ganze Faust in ihr Arschloch schiebt. Von Anal Dehnung bis Analfisting ist hier alles dabei. Und du bist hautnah dabei, wenn Oma mal wieder so richtig hart in ihre Arschfotze gefickt wird.<\/p>\n<div class=\"mobilead\"><a href=\"https:\/\/www.pornomeile.net\/aktuell\/community\/\" target=\"_blank\" rel=\"nofollow noopener noreferrer\"><img decoding=\"async\" src=\"\/banner\/community-sex-300x250.gif\" alt=\"Sex Community\" \/><\/a><\/div>\n<h2>Anal Fisting oder Faustsex, stehst du drauf?<\/h2>\n<p>Manche Frauen wollen es hart und das sieht man ihnen oftmals gar nicht direkt an. Die Girls, die du hier bewundern kannst, stehen total drauf, wenn du ihnen deine Faust immer wieder hart in den Arsch steckst. Schau dir hier Tipps, Webseiten und Gratisangebote zum Thema Analfisting extrem an. Hier kommst du unter Garantie auf deine Kosten und kannst den Faustsex bei geilem Arschfisting ausleben und sowohl Videos und Fotos genie\u00dfen, als auch Damen kennenlernen und treffen, die gerne mal deine ganze Hand in ihrem Arsch verschwinden sp\u00fcren w\u00fcrden.<\/p>\n","protected":false},"excerpt":{"rendered":"<p>reife-frauen-pornos.net\/anal-omasex\/ Richtig dreckige und versaute deutsche Omas stehen total auf Analsex und lassen sich heftig in den Arsch ficken, w\u00e4hrend sie gefilmt werden. Besuche diese geile Sammlung perverser Omasex Videos&#8230;<\/p>\n<div class=\"more-link-wrapper\"><a class=\"more-link\" href=\"https:\/\/www.pornomeile.net\/anal-sex\/\">Weiterlesen<span class=\"screen-reader-text\">Analporno Webseiten und Arschfick bis die Rosette brennt<\/span><\/a><\/div>\n","protected":false},"author":1,"featured_media":0,"parent":0,"menu_order":0,"comment_status":"closed","ping_status":"closed","template":"","meta":{"footnotes":""},"class_list":["post-4","page","type-page","status-publish","hentry","excerpt"],"yoast_head":"<!-- This site is optimized with the Yoast SEO plugin v27.4 - https:\/\/yoast.com\/product\/yoast-seo-wordpress\/ -->\n<title>Anal Sex | gratis Analsex Porno Seiten<\/title>\n<meta name=\"robots\" content=\"index, follow, max-snippet:-1, max-image-preview:large, max-video-preview:-1\" \/>\n<link rel=\"canonical\" href=\"https:\/\/www.pornomeile.net\/anal-sex\/\" \/>\n<meta property=\"og:locale\" content=\"de_DE\" \/>\n<meta property=\"og:type\" content=\"article\" \/>\n<meta property=\"og:title\" content=\"Anal Sex | gratis Analsex Porno Seiten\" \/>\n<meta property=\"og:description\" content=\"reife-frauen-pornos.net\/anal-omasex\/ Richtig dreckige und versaute deutsche Omas stehen total auf Analsex und lassen sich heftig in den Arsch ficken, w\u00e4hrend sie gefilmt werden. Besuche diese geile Sammlung perverser Omasex Videos&#8230;\" \/>\n<meta property=\"og:url\" content=\"https:\/\/www.pornomeile.net\/anal-sex\/\" \/>\n<meta property=\"og:site_name\" content=\"Anal Sex\" \/>\n<meta property=\"article:modified_time\" content=\"2023-06-08T08:29:57+00:00\" \/>\n<meta name=\"twitter:card\" content=\"summary_large_image\" \/>\n<meta name=\"twitter:label1\" content=\"Gesch\u00e4tzte Lesezeit\" \/>\n\t<meta name=\"twitter:data1\" content=\"2\u00a0Minuten\" \/>\n<script type=\"application\/ld+json\" class=\"yoast-schema-graph\">{\"@context\":\"https:\\\/\\\/schema.org\",\"@graph\":[{\"@type\":\"WebPage\",\"@id\":\"https:\\\/\\\/www.pornomeile.net\\\/anal-sex\\\/\",\"url\":\"https:\\\/\\\/www.pornomeile.net\\\/anal-sex\\\/\",\"name\":\"Anal Sex | gratis Analsex Porno Seiten\",\"isPartOf\":{\"@id\":\"https:\\\/\\\/www.pornomeile.net\\\/anal-sex\\\/#website\"},\"datePublished\":\"2019-03-22T19:57:43+00:00\",\"dateModified\":\"2023-06-08T08:29:57+00:00\",\"breadcrumb\":{\"@id\":\"https:\\\/\\\/www.pornomeile.net\\\/anal-sex\\\/#breadcrumb\"},\"inLanguage\":\"de\",\"potentialAction\":[{\"@type\":\"ReadAction\",\"target\":[\"https:\\\/\\\/www.pornomeile.net\\\/anal-sex\\\/\"]}]},{\"@type\":\"BreadcrumbList\",\"@id\":\"https:\\\/\\\/www.pornomeile.net\\\/anal-sex\\\/#breadcrumb\",\"itemListElement\":[{\"@type\":\"ListItem\",\"position\":1,\"name\":\"Startseite\",\"item\":\"https:\\\/\\\/www.pornomeile.net\\\/anal-sex\\\/\"},{\"@type\":\"ListItem\",\"position\":2,\"name\":\"Analporno Webseiten und Arschfick bis die Rosette brennt\"}]},{\"@type\":\"WebSite\",\"@id\":\"https:\\\/\\\/www.pornomeile.net\\\/anal-sex\\\/#website\",\"url\":\"https:\\\/\\\/www.pornomeile.net\\\/anal-sex\\\/\",\"name\":\"Anal Sex\",\"description\":\"Frauen beim Arschick\",\"potentialAction\":[{\"@type\":\"SearchAction\",\"target\":{\"@type\":\"EntryPoint\",\"urlTemplate\":\"https:\\\/\\\/www.pornomeile.net\\\/anal-sex\\\/?s={search_term_string}\"},\"query-input\":{\"@type\":\"PropertyValueSpecification\",\"valueRequired\":true,\"valueName\":\"search_term_string\"}}],\"inLanguage\":\"de\"}]}<\/script>\n<!-- \/ Yoast SEO plugin. -->","yoast_head_json":{"title":"Anal Sex | gratis Analsex Porno Seiten","robots":{"index":"index","follow":"follow","max-snippet":"max-snippet:-1","max-image-preview":"max-image-preview:large","max-video-preview":"max-video-preview:-1"},"canonical":"https:\/\/www.pornomeile.net\/anal-sex\/","og_locale":"de_DE","og_type":"article","og_title":"Anal Sex | gratis Analsex Porno Seiten","og_description":"reife-frauen-pornos.net\/anal-omasex\/ Richtig dreckige und versaute deutsche Omas stehen total auf Analsex und lassen sich heftig in den Arsch ficken, w\u00e4hrend sie gefilmt werden. Besuche diese geile Sammlung perverser Omasex Videos&#8230;","og_url":"https:\/\/www.pornomeile.net\/anal-sex\/","og_site_name":"Anal Sex","article_modified_time":"2023-06-08T08:29:57+00:00","twitter_card":"summary_large_image","twitter_misc":{"Gesch\u00e4tzte Lesezeit":"2\u00a0Minuten"},"schema":{"@context":"https:\/\/schema.org","@graph":[{"@type":"WebPage","@id":"https:\/\/www.pornomeile.net\/anal-sex\/","url":"https:\/\/www.pornomeile.net\/anal-sex\/","name":"Anal Sex | gratis Analsex Porno Seiten","isPartOf":{"@id":"https:\/\/www.pornomeile.net\/anal-sex\/#website"},"datePublished":"2019-03-22T19:57:43+00:00","dateModified":"2023-06-08T08:29:57+00:00","breadcrumb":{"@id":"https:\/\/www.pornomeile.net\/anal-sex\/#breadcrumb"},"inLanguage":"de","potentialAction":[{"@type":"ReadAction","target":["https:\/\/www.pornomeile.net\/anal-sex\/"]}]},{"@type":"BreadcrumbList","@id":"https:\/\/www.pornomeile.net\/anal-sex\/#breadcrumb","itemListElement":[{"@type":"ListItem","position":1,"name":"Startseite","item":"https:\/\/www.pornomeile.net\/anal-sex\/"},{"@type":"ListItem","position":2,"name":"Analporno Webseiten und Arschfick bis die Rosette brennt"}]},{"@type":"WebSite","@id":"https:\/\/www.pornomeile.net\/anal-sex\/#website","url":"https:\/\/www.pornomeile.net\/anal-sex\/","name":"Anal Sex","description":"Frauen beim Arschick","potentialAction":[{"@type":"SearchAction","target":{"@type":"EntryPoint","urlTemplate":"https:\/\/www.pornomeile.net\/anal-sex\/?s={search_term_string}"},"query-input":{"@type":"PropertyValueSpecification","valueRequired":true,"valueName":"search_term_string"}}],"inLanguage":"de"}]}},"_links":{"self":[{"href":"https:\/\/www.pornomeile.net\/anal-sex\/wp-json\/wp\/v2\/pages\/4","targetHints":{"allow":["GET"]}}],"collection":[{"href":"https:\/\/www.pornomeile.net\/anal-sex\/wp-json\/wp\/v2\/pages"}],"about":[{"href":"https:\/\/www.pornomeile.net\/anal-sex\/wp-json\/wp\/v2\/types\/page"}],"author":[{"embeddable":true,"href":"https:\/\/www.pornomeile.net\/anal-sex\/wp-json\/wp\/v2\/users\/1"}],"replies":[{"embeddable":true,"href":"https:\/\/www.pornomeile.net\/anal-sex\/wp-json\/wp\/v2\/comments?post=4"}],"version-history":[{"count":14,"href":"https:\/\/www.pornomeile.net\/anal-sex\/wp-json\/wp\/v2\/pages\/4\/revisions"}],"predecessor-version":[{"id":33,"href":"https:\/\/www.pornomeile.net\/anal-sex\/wp-json\/wp\/v2\/pages\/4\/revisions\/33"}],"wp:attachment":[{"href":"https:\/\/www.pornomeile.net\/anal-sex\/wp-json\/wp\/v2\/media?parent=4"}],"curies":[{"name":"wp","href":"https:\/\/api.w.org\/{rel}","templated":true}]}}