{"id":4,"date":"2019-03-22T17:58:11","date_gmt":"2019-03-22T16:58:11","guid":{"rendered":"http:\/\/www.pornomeile.net\/amateur-sex\/?page_id=4"},"modified":"2025-03-12T10:45:53","modified_gmt":"2025-03-12T09:45:53","slug":"amateur-sex","status":"publish","type":"page","link":"https:\/\/www.pornomeile.net\/amateur-sex\/","title":{"rendered":"Amateur Porno Communites und gratis Amateurchat Seiten"},"content":{"rendered":"<p><a href=\"https:\/\/www.sexcommunity24.net\/\" target=\"_blank\" rel=\"noopener noreferrer\">sexcommunity24.net<\/a><br \/>\nWenn echter, unzensierter Amateur Sex genau dein Ding ist, solltest du dir diese deutsche Sexcommunity ansehen. Vergiss alles, was du an Amateursex Portalen bisher gesehen hast. Denn hier kannst du einfach alles machen, was Spa\u00df macht! Chatte live mit Frauen, die sich vor der Sexcam befriedigen. Au\u00dferdem kannst du t\u00e4glich neue Amateurpornos streamen. Im privaten Sex Messenger kannst du Sextreffen mit Frauen aus deiner Umgebung verabreden und vieles mehr! Jetzt kostenlos Zugang sichern!<\/p>\n<p><a href=\"https:\/\/www.amateur-chat.com\/\" target=\"_blank\" rel=\"noopener noreferrer\">amateur-chat.com<\/a><br \/>\nBist du bereit f\u00fcr hei\u00dfe Sex Chats mit scharfen Amateurgirls aus Deutschland, der Schweiz oder aus \u00d6sterreich? Auf amateur-chat.com kannst du kostenfrei ein Chatprofil anlegen und mit scharfen Chatterinnen wie Tight Tini, Parkplatzluder, Sexy Jacky, Linda Kiss, Nele Sweet, Caralia Deluxe oder Nina K\u00f6nig und vielen weiteren Chatgirls chatten. Probiere es gratis aus und besuche jetzt die geile Community mit Amateurchat, wo du die Pornogirls im 1:1 Livechat kennenlernst.<\/p>\n<div class=\"mobileadtoo\"><a href=\"https:\/\/www.pornomeile.net\/aktuell\/amateursex\/\" target=\"_blank\" rel=\"nofollow noopener noreferrer\"><img loading=\"lazy\" decoding=\"async\" src=\"https:\/\/www.pornomeile.net\/banner\/comm4.gif\" width=\"350\" height=\"250\" alt=\"Community f\u00fcr Sex besuchen\" \/><\/a><\/div>\n<p><a href=\"https:\/\/www.amateurcommunity.gratis\/\" target=\"_blank\" rel=\"noopener noreferrer\">amateurcommunity.gratis<\/a><br \/>\nVersaute Amateure gehen in dieser Amateurcommunity so richtig geil ab. Sie zeigen dir ihre Amateurpornos, erotische Clips und private Sexfotos. Au\u00dferdem kannst du mit geilen Hausfrauen ganz privat im 1 zu 1 Sex-Messenger flirten und Videos oder Pics mit ihnen austauschen. Du kannst den Zugang f\u00fcr die Amateur Community gratis bekommen. Folge dazu dem obigen Link, schau dich in Ruhe um und registriere dich kostenfrei. Du bekommst sogar Geschenk in Form von 20 kostenlosen Coins, mit denen du mit den Amateuren privaten Livecam Sex erleben und mit ihnen im Sexchat plaudern kannst. Einfach mal unverbindlich reinschauen, du wirst sicherlich eine Menge Spa\u00df mit bester Amateurerotik erleben!<\/p>\n<p><a href=\"https:\/\/www.erocommunity.net\/\" target=\"_blank\" rel=\"noopener noreferrer\">erocommunity.net<\/a><br \/>\nHier erlebst du garantiert 100% Befriedigung! Diese deutsche Erotikcommunity bietet dir neben Hardcore HD Pornos frivoler Amateure auch viele M\u00f6glichkeiten mit geilen Frauen und Darstellerinnen in Kontakt zu treten. Werde Fan einer Erotikdarstellerin und verabrede dich mit ihr zu einem Usertreffen, bei der du sie sch\u00f6n durchficken darfst. Die Anmeldung ist unverbindlich, diskret und nat\u00fcrlich kostenlos.<\/p>\n<p><a href=\"https:\/\/www.amateur-community24.com\/\" target=\"_blank\" rel=\"noopener noreferrer\">amateur-community24.com<\/a><br \/>\nDurchtriebener geht es schon nicht mehr. Hier findest du geile deutsche Amateure in einer der beliebtesten Communities f\u00fcr deutsche Amateurpornos und Sexchats. der Zugang ist kostenlos und du kannst dich sofort austoben. Die Amateurinnen sorgen st\u00e4ndig f\u00fcr neue Sexfotos und Videos. Au\u00dferdem kannst du bei ihnen auch Pornos nach deinem Geschmack in Auftrag geben oder selbst welche mit ihnen drehen bei einem verabredeten Userfick. Gleich mitmachen und abwichsen.<\/p>\n<p><a href=\"https:\/\/www.amateur-camsex.ch\/\" target=\"_blank\" rel=\"noopener noreferrer\">amateur-camsex.ch<\/a><br \/>\nJetzt endlich auch in der Schweiz mit hei\u00dfen Amateur Cam Girls richtig geilen Camsex erleben. Hier kannst du dich kostenlos registrieren und mit Livecam-Girls aus der Schweiz, aus \u00d6sterreich und nat\u00fcrlich auch aus Deutschland chatten. Dich erwarten 10 CHF oder Euro gratis Guthaben, mit dem du den Cam zu Cam Chat ausprobieren kannst. Falls du anonym bleiben willst, nutze den Telefonzugang ohne Mitgliedschaft. Unsere Amateure werden dir hier richtig geil einheizen.<\/p>\n<p><a href=\"https:\/\/www.amateurx.net\/\" target=\"_blank\" rel=\"noopener noreferrer\">amateurx.net<\/a><br \/>\nWas du brauchst, das ist das Komplettprogramm f\u00fcr Pornofans! Hier wollen wir dir die neue Amateur Porno Community vorstellen: Quasi ein soziales Sex Netzwerk f\u00fcr sexuelle Kontakte im deutschsprachigen Raum, das seines Gleichen sucht. Jetzt kostenlos ein Profil f\u00fcr AmateurX anlegen und sofort in die Welt deutschsprachiger Amateur Porno Frauen abtauchen.<\/p>\n<p><a href=\"https:\/\/www.sex-community.ch\/\" target=\"_blank\" rel=\"noopener noreferrer\">sex-community.ch<\/a><br \/>\nDie echte Schweizer Sex Community ab 18 l\u00e4dt zu absoluter Befriedigung ein! Wenn man dort kostenlos mitmachen m\u00f6chte, kann man das jederzeit tun! Ein Abo oder sowas gibt es in der Sexcommunity der Schweiz nicht. Man kann dort im Camsexchat mit hei\u00dfen Maitli chatten und sich mit ihnen privat zu geilen Sextreffen verabreden. Au\u00dferdem warten dort tausende Amateurpornofilme und Amateur Sex Clips in HD &#8211; es werden jeden Tag mehr.<\/p>\n<p><a href=\"https:\/\/www.amateure-cam2cam.com\/\" target=\"_blank\" rel=\"noopener noreferrer\">amateure-cam2cam.com<\/a><br \/>\nChatte sofort live mit frechen Amateur Cam Girls, die im hei\u00dfen und sehr beliebten Cam2Cam Live Chat auf dich warten. Wenn du eine eigene Webcam hast, gibt dir das die Chance auf den besten Camsex, den du jemals erlebt hast. Denn wenn dich das Camgirl am anderen Ende ebenfalls sehen und dir beim Wichsen zuschauen kann, k\u00f6nnt ihr beide gemeinsam von einem zum anderen H\u00f6hepunkt kommen. Zusammen geil st\u00f6hnen und du kannst einen harten Schwanz wichsen, w\u00e4hrend das Livegirl sich selbst befriedigt und ihre geile M\u00f6se rubbelt oder Gegenst\u00e4nde in ihre K\u00f6rper\u00f6ffnungen schiebt. Jetzt kostenlos ausprobieren!<\/p>\n<div class=\"mobileadtoo\"><a href=\"https:\/\/www.pornomeile.net\/aktuell\/community\/\" target=\"_blank\" rel=\"nofollow noopener noreferrer\"><img loading=\"lazy\" decoding=\"async\" src=\"https:\/\/www.pornomeile.net\/banner\/blink.gif\" width=\"350\" height=\"250\" alt=\"zur Amateurcommunity\" \/><\/a><\/div>\n<p><a href=\"https:\/\/www.amateurporn24.net\/\" target=\"_blank\" rel=\"noopener noreferrer\">amateurporn24.net<\/a><br \/>\nKennst du schon die BIG 7 Amateur Porno Community? Die derzeit angesagteste Amateurcommunity Deutschlands wird dir hier beschrieben. Dieses Portal hat mehrmals den beliebten Venus Award f\u00fcr die geilste Amateurcommunity gewonnen und das hat seinen Grund. Hier warten tausende geile Amateure auf deinen Besuch, deine Nachrichten und deinen harten Schniedel! Auf dieser Seite bekommst du nicht nur den kostenfreien Zugang zur Community, sondern hast auch die M\u00f6glichkeit, mit einem Gutschein-Code richtig geil zu sparen! Damit kannst du die Amateurcams und den Sex Chat z.B. kostenlos ausprobieren. Au\u00dferdem erf\u00e4hrst du, wie du als Amateur Geld verdienen kannst. Da sind tats\u00e4chlich tausende Euro Zusatzverdienst drin! Es gibt sogar einen separaten Fetisch und BDSM Bereich, wenn du auf harten Sex stehst. Schau einfach mal vorbei und informiere dich.<\/p>\n<p><a href=\"https:\/\/www.deutscheamateure24.com\/\" target=\"_blank\" rel=\"noopener noreferrer\">deutscheamateure24.com<\/a><br \/>\nEinfach mal zur\u00fccklehnen, den harten Pr\u00fcgel in die Hand nehmen und kostenlos abspritzen! Auf diesem Blog findest du die besten Informationen zu Deutschlands einzig wahrer Amateurcommunity. Du kannst sofort die Gratis Mitgliedschaft beanspruchen und bekommst einen Gratis Amateur-Porno zum Wichsen geschenkt. Des Weiteren gibt es dort Freiminuten f\u00fcr Amateursexcams und den beliebten Amateur Messenger. Du kannst mit deutschen Amateur Pornostars chatten und geile Frauen jedes Alters zum Flirten oder Ficken treffen. Au\u00dferdem erf\u00e4hrst du geheime Termine zu geilen Sexparties dieser Amateur Community.<\/p>\n<p><a href=\"https:\/\/www.amateur-sexcommunity.net\/\" target=\"_blank\" rel=\"noopener noreferrer\">amateur-sexcommunity.net<\/a><br \/>\nMit dieser Seite betrittst du eines der gr\u00f6\u00dften Porno-Portale Deutschlands. Diese Amateurcommunity wird dir alles bieten, wo du sonst sehr lange f\u00fcr suchen m\u00fcsstest. Private Amateurpornos mit scharfen Hausfrauen und sehr frivolen Paaren erwarten dich. Au\u00dferdem kannst du die Amateurschlampen alle live und real kennenlernen. Schreibe einfach 1:1 privat mit ihnen \u00fcber den Sexmessenger oder schicke Nachrichten zu ihnen. Die Mitgliedschaft ist gratis und hier bekommst du exklusiv 20 Coins geschenkt.<\/p>\n<p><a href=\"https:\/\/deutsche-amateurpornos.telefonsex-nummern.net\/\" target=\"_blank\" rel=\"noopener noreferrer\">deutsche-amateurpornos.telefonsex-nummern.net<\/a><br \/>\n\u00dcberall Schlampen und jede will ins Pornogesch\u00e4ft einsteigen, um ihre Gel\u00fcste auszuleben und dabei gleichzeitig sch\u00f6nes Geld zu machen. Schau Dir bei uns die Sex Videos dieser deutschen Amateur Frauen an. Beim ersten Hardcore Sex k\u00f6nnen die M\u00e4dels beweisen, was in ihnen steckt. Sie ficken und lutschen wie die Profis bei ihren ersten Amateurporno Drehs, als h\u00e4tten sie nie etwas anderes gemacht, als ihre M\u00f6sen f\u00fcr deutsche Amateur Pornos stopfen zu lassen. Aber sieh selbst, wie sie sich beim Hardcore Sex den Schwanz in alle L\u00f6cher stecken lassen. Echte deutsche Amateure haben geilen Sex in privaten Sexvideos.<\/p>\n<div class=\"mobileadtoo\"><a href=\"https:\/\/www.pornomeile.net\/aktuell\/cams\/\" target=\"_blank\" rel=\"nofollow noopener noreferrer\"><img loading=\"lazy\" decoding=\"async\" src=\"https:\/\/www.pornomeile.net\/banner\/livemachen.gif\" width=\"350\" height=\"250\" alt=\"Amateur Cams\" \/><\/a><\/div>\n<p><a href=\"https:\/\/nackte-frauen-amateure.sexsau.info\/\" target=\"_blank\" rel=\"noopener noreferrer\">nackte-frauen-amateure.sexsau.info<\/a><br \/>\nGeile Nacktfotos kennst du sicherlich schon zu Gen\u00fcge, aber wie sieht es mit denn mit echten Nackt Fotos von Amateuren aus? Die Leute aus deinem t\u00e4glichen Leben die du so beim Einkaufen oder am Arbeitsplatz antriffst. K\u00f6nnte es sein das diese private Nackt Fotos von sich ins Internet geladen haben? Finde es heraus und st\u00f6bere durch diese Fotos von nackten Amateuren und finde deine pers\u00f6nliche Traumfrau und den vielen geilen Frauen die sich hier so schamlos Nackt pr\u00e4sentieren. Du kannst sie sogar kontaktieren, wenn du dich traust. Nichts wie los in das Abenteuer.<\/p>\n<p><a href=\"https:\/\/www.amateur-sexcams.net\/\" target=\"_blank\" rel=\"noopener noreferrer\">amateur-sexcams.net<\/a><br \/>\nHier warten geile deutschsprachige Girls bei den Amateur Sexcams rund um die Uhr. Der Zutritt ist f\u00fcr dich selbstverst\u00e4ndlich kostenfrei und du bekommst sogar Freiminuten geschenkt. Einfach registrieren und die Freecoins einsacken. Dann kann es auch schon losgehen mit ganz privatem Livesex. Verabrede dich doch mit einer Amateurin zu einem gemeinsamen Userdreh bei ihr zu Hause.<\/p>\n<p><a href=\"https:\/\/www.ficken18.org\/\" target=\"_blank\" rel=\"noopener noreferrer\">ficken18.org<\/a><br \/>\nZusehen, wenn geile Amateure live oder in geilen, privaten Pornos ficken? Nicht nur das kannst du hier in der Ficken18 Community. Denn hier lernst du die Akteure und die Amateurinnen in 1:1 Chat pers\u00f6nlich kennen und kannst dich mit ihnen zu einem Usertreffen mit Userfick verabreden, wenn du magst. So hast du die Chance, mit deiner Traumfrau selbst einen eigenen Pornofilm zu drehen. Also los, melde dich gratis an und ficke eine geile Amateurin noch heute sch\u00f6n durch.<\/p>\n<p><a href=\"https:\/\/amateurvideo.altervista.org\/\" target=\"_blank\" rel=\"noopener noreferrer\">amateurvideo.altervista.org<\/a><br \/>\nDiese Amateurfrauen m\u00fcssen nicht wirklich lange suchen um einen Kerl auf die Matratze zu kriegen. Denn sie sind jung, sehen sehr geil aus und haben die wirklich guten Argumente die einen Kerl immer zum Sex \u00fcberzeugen. Es sind die kleinen s\u00fc\u00dfen Titten, die in eine Hand passen und sich weich anf\u00fchlen und dazu kommt ihr Hang zum Analverkehr, der wirklich viele M\u00e4nner anlockt, denn das macht nicht jede Frau. Also hat sie immer was zu ficken und auch so oft wie m\u00f6glich einen Schwanz in ihrem s\u00fc\u00dfen Arsch, der einzige Nachteil ist nur, dass die Schw\u00e4nze zu fr\u00fch spritzen, da sie ja vorher schon durch das Erscheinungsbild sehr erregt sind. Aber daf\u00fcr bekommt sie die Pimmel schnell wieder steif und auf geht\u2019s in die zweite und dritte Runde. Wenn du auf geile Amateursex Videos stehst auf denen nur solche sexy Frauen gefickt werde, dann schau mal auf dieser Webseite vorbei.<\/p>\n<p><a href=\"https:\/\/www.amateurs-sex.org\/\" target=\"_blank\" rel=\"noopener noreferrer\">amateurs-sex.org<\/a><br \/>\nEinige Handgepickte sexy Amateur Foto aus einigen der unz\u00e4hligen Galerien. Echte Schlampen wie man sie tagt\u00e4glich \u00fcberall auf den Stra\u00dfen antrifft. Meist zickig und nach au\u00dfen pr\u00fcde, aber wenn das F\u00f6tzchen daheim juckt dann drehen sie auch mal versaute Amateurpornos und stellen diese in perversen Sexcommunitys online. Hier werden ausschlie\u00dflich nur Amateurpornos auf Deutsch ver\u00f6ffentlicht und auch garantiert nur von gepr\u00fcften Amateuren. Hier kommen keine Pornostars und kommerzielle Angebote auf die Webseiten.<\/p>\n<p><a href=\"https:\/\/www.cam-to-cam.net\/\" target=\"_blank\" rel=\"noopener noreferrer\">cam-to-cam.net<\/a><br \/>\nHausfrauen und Studentinnen suchen geile reale Treffen und erwarten dich in ihrem privaten Sexchat. Lass dich von den versauten Cam2Cam-Camgirls so richtig anheizen und erlebe geilen Livesex der Superlative. Erhalte zudem Zugang zu Pornovideos von privaten Amateuren, die sich komplett nackt in den privaten Sexvideos zeigen. Also, worauf wartest du noch? Melde dich kostenlos an und genie\u00dfe geilen C2C Livesex mit einem sexy Camgirl deiner Wahl.<\/p>\n<h2>Amateursex in einer Porno Community erleben<\/h2>\n<p>Alles was du in Sachen Amateursex brauchst, findest du in der beliebten Amateur Porno Community. Wenn du diese Seite besuchst, kannst du direkt kostenlos mitmachen und betrittst die Welt der Amateur Erotik mit all ihrer Power. Du kannst dich richtig geil mit sexy Frauen austoben. Denn dort erwarten dich nicht nur jeden Tag neue Amateurpornos in HD Qualit\u00e4t, sondern du wirst dort auch mit den Darstellerinnen der Pornofilme chatten und private Nachrichten austauschen k\u00f6nnen. Verabrede dich doch mit einer hei\u00dfen Braut zu einem Userfick und drehe deinen eigenen Pornofilm mit ihr.<\/p>\n<p>Amateursex pur und mit kostenloser Mitgliedschaft! Einfach geil, was diese neue Seite zu bieten hat. HD Amateur Pornos, private Sexdates mit Amateur Frauen, Amateur Livecams mit Sexchat, hunderttausende Videos zum Wichsen und vieles mehr! Auch ein 1:1 Sex Chat wird dir angeboten, den du mit 20 Gratis Coins auch gleich austesten kannst. \u00dcber den Sex-Messenger kannst du den M\u00e4dels auch Fotos und Videos deines harten Schwanzes schicken. Anders als woanders stehen diese Girls sogar drauf, deinen harten Schwanz in Aktion zu sehen und dir beim Abwichsen zuschauen zu d\u00fcrfen. Probiere es kostenlos aus und sichere dir dein Geschenk f\u00fcr neue Mitglieder!<\/p>\n<h3>Pornovideos streamen in einer Amateur Sex Community<\/h3>\n<p>Jeden Tag neue Pornovideos und jeden Tag neue Amateur Girls kennenlernen. Daf\u00fcr steht diese geile und kostenlose Amateur Community! Eine riesige Pornosammlung mit Amateur-Sexvideos wartet hier gut sortiert auf dich. Aber das ist bei Weitem nicht alles: Du kannst mit den Darstellerinnen aus den Pornofilmen jederzeit Kontakt aufnehmen. Dazu kannst du den internen Pornomessenger nutzen oder sie im Camchat besuchen, wenn sie online sind. Hier ist alles m\u00f6glich &#8211; auch Sextreffen mit Amateurinnen und geile Userficks stehen immer auf der Tagesordnung!<\/p>\n<h2>Amateur Sex in einem Amateurportal<\/h2>\n<p>Das absolute rundum-sorglos Paket in Sachen Amateur Sex erwartet dich bei diesem kostenfrei zug\u00e4nglichen Amateurportal. Dich erwarten zehntausende private Amateurpornos und abertausende Sexfotos. Jeden Tag w\u00e4chst diese Amateur Community unaufh\u00f6rlich weiter. Sei einfach kostenlos Teil der Gemeinschaft und lege dir jetzt dein kostenloses Profil dort an. Danach kannst du den gesamtem Amateur Porno Bereich erkunden, dir geile Amateurpornofilme anschauen und mit den Darstellerinnen sogar Kontakt aufnehmen. Du kannst sie im Sexmessenger Chat direkt anschreiben oder ihre Sexcam Chat Shows besuchen. Aus sicherer Quelle wissen wir, dass dich bei der gratis Registrierung ein Bonus von 20 Coins erwartet. Diese kannst du f\u00fcr alle Angebote und Features innerhalb des Amateur Portals verwenden.<\/p>\n","protected":false},"excerpt":{"rendered":"<p>sexcommunity24.net Wenn echter, unzensierter Amateur Sex genau dein Ding ist, solltest du dir diese deutsche Sexcommunity ansehen. Vergiss alles, was du an Amateursex Portalen bisher gesehen hast. Denn hier kannst&#8230;<\/p>\n<div class=\"more-link-wrapper\"><a class=\"more-link\" href=\"https:\/\/www.pornomeile.net\/amateur-sex\/\">Weiterlesen<span class=\"screen-reader-text\">Amateur Porno Communites und gratis Amateurchat Seiten<\/span><\/a><\/div>\n","protected":false},"author":1,"featured_media":0,"parent":0,"menu_order":0,"comment_status":"closed","ping_status":"closed","template":"","meta":{"footnotes":""},"class_list":["post-4","page","type-page","status-publish","hentry","excerpt"],"yoast_head":"<!-- This site is optimized with the Yoast SEO plugin v27.5 - https:\/\/yoast.com\/product\/yoast-seo-wordpress\/ -->\n<title>Amateur Sex gratis | geile deutsche Amateurgirls<\/title>\n<meta name=\"robots\" content=\"index, follow, max-snippet:-1, max-image-preview:large, max-video-preview:-1\" \/>\n<link rel=\"canonical\" href=\"https:\/\/www.pornomeile.net\/amateur-sex\/\" \/>\n<meta property=\"og:locale\" content=\"de_DE\" \/>\n<meta property=\"og:type\" content=\"article\" \/>\n<meta property=\"og:title\" content=\"Amateur Sex gratis | geile deutsche Amateurgirls\" \/>\n<meta property=\"og:description\" content=\"sexcommunity24.net Wenn echter, unzensierter Amateur Sex genau dein Ding ist, solltest du dir diese deutsche Sexcommunity ansehen. Vergiss alles, was du an Amateursex Portalen bisher gesehen hast. Denn hier kannst&#8230;\" \/>\n<meta property=\"og:url\" content=\"https:\/\/www.pornomeile.net\/amateur-sex\/\" \/>\n<meta property=\"og:site_name\" content=\"Amateur Sex\" \/>\n<meta property=\"article:modified_time\" content=\"2025-03-12T09:45:53+00:00\" \/>\n<meta property=\"og:image\" content=\"https:\/\/www.pornomeile.net\/banner\/comm4.gif\" \/>\n<meta name=\"twitter:card\" content=\"summary_large_image\" \/>\n<meta name=\"twitter:label1\" content=\"Gesch\u00e4tzte Lesezeit\" \/>\n\t<meta name=\"twitter:data1\" content=\"12\u00a0Minuten\" \/>\n<script type=\"application\/ld+json\" class=\"yoast-schema-graph\">{\"@context\":\"https:\\\/\\\/schema.org\",\"@graph\":[{\"@type\":\"WebPage\",\"@id\":\"https:\\\/\\\/www.pornomeile.net\\\/amateur-sex\\\/\",\"url\":\"https:\\\/\\\/www.pornomeile.net\\\/amateur-sex\\\/\",\"name\":\"Amateur Sex gratis | geile deutsche Amateurgirls\",\"isPartOf\":{\"@id\":\"https:\\\/\\\/www.pornomeile.net\\\/amateur-sex\\\/#website\"},\"primaryImageOfPage\":{\"@id\":\"https:\\\/\\\/www.pornomeile.net\\\/amateur-sex\\\/#primaryimage\"},\"image\":{\"@id\":\"https:\\\/\\\/www.pornomeile.net\\\/amateur-sex\\\/#primaryimage\"},\"thumbnailUrl\":\"https:\\\/\\\/www.pornomeile.net\\\/banner\\\/comm4.gif\",\"datePublished\":\"2019-03-22T16:58:11+00:00\",\"dateModified\":\"2025-03-12T09:45:53+00:00\",\"breadcrumb\":{\"@id\":\"https:\\\/\\\/www.pornomeile.net\\\/amateur-sex\\\/#breadcrumb\"},\"inLanguage\":\"de\",\"potentialAction\":[{\"@type\":\"ReadAction\",\"target\":[\"https:\\\/\\\/www.pornomeile.net\\\/amateur-sex\\\/\"]}]},{\"@type\":\"ImageObject\",\"inLanguage\":\"de\",\"@id\":\"https:\\\/\\\/www.pornomeile.net\\\/amateur-sex\\\/#primaryimage\",\"url\":\"https:\\\/\\\/www.pornomeile.net\\\/banner\\\/comm4.gif\",\"contentUrl\":\"https:\\\/\\\/www.pornomeile.net\\\/banner\\\/comm4.gif\"},{\"@type\":\"BreadcrumbList\",\"@id\":\"https:\\\/\\\/www.pornomeile.net\\\/amateur-sex\\\/#breadcrumb\",\"itemListElement\":[{\"@type\":\"ListItem\",\"position\":1,\"name\":\"Startseite\",\"item\":\"https:\\\/\\\/www.pornomeile.net\\\/amateur-sex\\\/\"},{\"@type\":\"ListItem\",\"position\":2,\"name\":\"Amateur Porno Communites und gratis Amateurchat Seiten\"}]},{\"@type\":\"WebSite\",\"@id\":\"https:\\\/\\\/www.pornomeile.net\\\/amateur-sex\\\/#website\",\"url\":\"https:\\\/\\\/www.pornomeile.net\\\/amateur-sex\\\/\",\"name\":\"Amateur Sex\",\"description\":\"Geile Amateurinnen in Pornos, im Chat und f\u00fcr Sextreffen\",\"potentialAction\":[{\"@type\":\"SearchAction\",\"target\":{\"@type\":\"EntryPoint\",\"urlTemplate\":\"https:\\\/\\\/www.pornomeile.net\\\/amateur-sex\\\/?s={search_term_string}\"},\"query-input\":{\"@type\":\"PropertyValueSpecification\",\"valueRequired\":true,\"valueName\":\"search_term_string\"}}],\"inLanguage\":\"de\"}]}<\/script>\n<!-- \/ Yoast SEO plugin. -->","yoast_head_json":{"title":"Amateur Sex gratis | geile deutsche Amateurgirls","robots":{"index":"index","follow":"follow","max-snippet":"max-snippet:-1","max-image-preview":"max-image-preview:large","max-video-preview":"max-video-preview:-1"},"canonical":"https:\/\/www.pornomeile.net\/amateur-sex\/","og_locale":"de_DE","og_type":"article","og_title":"Amateur Sex gratis | geile deutsche Amateurgirls","og_description":"sexcommunity24.net Wenn echter, unzensierter Amateur Sex genau dein Ding ist, solltest du dir diese deutsche Sexcommunity ansehen. Vergiss alles, was du an Amateursex Portalen bisher gesehen hast. Denn hier kannst&#8230;","og_url":"https:\/\/www.pornomeile.net\/amateur-sex\/","og_site_name":"Amateur Sex","article_modified_time":"2025-03-12T09:45:53+00:00","og_image":[{"url":"https:\/\/www.pornomeile.net\/banner\/comm4.gif","type":"","width":"","height":""}],"twitter_card":"summary_large_image","twitter_misc":{"Gesch\u00e4tzte Lesezeit":"12\u00a0Minuten"},"schema":{"@context":"https:\/\/schema.org","@graph":[{"@type":"WebPage","@id":"https:\/\/www.pornomeile.net\/amateur-sex\/","url":"https:\/\/www.pornomeile.net\/amateur-sex\/","name":"Amateur Sex gratis | geile deutsche Amateurgirls","isPartOf":{"@id":"https:\/\/www.pornomeile.net\/amateur-sex\/#website"},"primaryImageOfPage":{"@id":"https:\/\/www.pornomeile.net\/amateur-sex\/#primaryimage"},"image":{"@id":"https:\/\/www.pornomeile.net\/amateur-sex\/#primaryimage"},"thumbnailUrl":"https:\/\/www.pornomeile.net\/banner\/comm4.gif","datePublished":"2019-03-22T16:58:11+00:00","dateModified":"2025-03-12T09:45:53+00:00","breadcrumb":{"@id":"https:\/\/www.pornomeile.net\/amateur-sex\/#breadcrumb"},"inLanguage":"de","potentialAction":[{"@type":"ReadAction","target":["https:\/\/www.pornomeile.net\/amateur-sex\/"]}]},{"@type":"ImageObject","inLanguage":"de","@id":"https:\/\/www.pornomeile.net\/amateur-sex\/#primaryimage","url":"https:\/\/www.pornomeile.net\/banner\/comm4.gif","contentUrl":"https:\/\/www.pornomeile.net\/banner\/comm4.gif"},{"@type":"BreadcrumbList","@id":"https:\/\/www.pornomeile.net\/amateur-sex\/#breadcrumb","itemListElement":[{"@type":"ListItem","position":1,"name":"Startseite","item":"https:\/\/www.pornomeile.net\/amateur-sex\/"},{"@type":"ListItem","position":2,"name":"Amateur Porno Communites und gratis Amateurchat Seiten"}]},{"@type":"WebSite","@id":"https:\/\/www.pornomeile.net\/amateur-sex\/#website","url":"https:\/\/www.pornomeile.net\/amateur-sex\/","name":"Amateur Sex","description":"Geile Amateurinnen in Pornos, im Chat und f\u00fcr Sextreffen","potentialAction":[{"@type":"SearchAction","target":{"@type":"EntryPoint","urlTemplate":"https:\/\/www.pornomeile.net\/amateur-sex\/?s={search_term_string}"},"query-input":{"@type":"PropertyValueSpecification","valueRequired":true,"valueName":"search_term_string"}}],"inLanguage":"de"}]}},"_links":{"self":[{"href":"https:\/\/www.pornomeile.net\/amateur-sex\/wp-json\/wp\/v2\/pages\/4","targetHints":{"allow":["GET"]}}],"collection":[{"href":"https:\/\/www.pornomeile.net\/amateur-sex\/wp-json\/wp\/v2\/pages"}],"about":[{"href":"https:\/\/www.pornomeile.net\/amateur-sex\/wp-json\/wp\/v2\/types\/page"}],"author":[{"embeddable":true,"href":"https:\/\/www.pornomeile.net\/amateur-sex\/wp-json\/wp\/v2\/users\/1"}],"replies":[{"embeddable":true,"href":"https:\/\/www.pornomeile.net\/amateur-sex\/wp-json\/wp\/v2\/comments?post=4"}],"version-history":[{"count":38,"href":"https:\/\/www.pornomeile.net\/amateur-sex\/wp-json\/wp\/v2\/pages\/4\/revisions"}],"predecessor-version":[{"id":110,"href":"https:\/\/www.pornomeile.net\/amateur-sex\/wp-json\/wp\/v2\/pages\/4\/revisions\/110"}],"wp:attachment":[{"href":"https:\/\/www.pornomeile.net\/amateur-sex\/wp-json\/wp\/v2\/media?parent=4"}],"curies":[{"name":"wp","href":"https:\/\/api.w.org\/{rel}","templated":true}]}}